{"id":158,"date":"2022-02-28T09:56:32","date_gmt":"2022-02-28T09:56:32","guid":{"rendered":"http:\/\/www.112canarias.com\/112\/?page_id=158"},"modified":"2023-06-15T11:33:09","modified_gmt":"2023-06-15T11:33:09","slug":"planes-de-autoproteccion","status":"publish","type":"page","link":"https:\/\/www.112canarias.com\/112\/planes-de-autoproteccion\/","title":{"rendered":"Planes de autoprotecci\u00f3n"},"content":{"rendered":"<p>[vc_row css_animation=\u00bb\u00bb row_type=\u00bbrow\u00bb use_row_as_full_screen_section=\u00bbno\u00bb type=\u00bbfull_width\u00bb angled_section=\u00bbno\u00bb text_align=\u00bbleft\u00bb background_image_as_pattern=\u00bbwithout_pattern\u00bb z_index=\u00bb\u00bb][vc_column width=\u00bb1\/6&#8243; css=\u00bb.vc_custom_1681409522656{background-image: url(https:\/\/www.112canarias.com\/112\/wp-content\/uploads\/2023\/04\/Operacion-de-demanadas-1-1-2-Canarias.jpg?id=3990) !important;background-position: center !important;background-repeat: no-repeat !important;background-size: cover !important;}\u00bb offset=\u00bbvc_hidden-xs\u00bb][vc_row_inner row_type=\u00bbrow\u00bb type=\u00bbfull_width\u00bb text_align=\u00bbleft\u00bb css_animation=\u00bb\u00bb][vc_column_inner offset=\u00bbvc_hidden-xs\u00bb][vc_empty_space height=\u00bb680px\u00bb][\/vc_column_inner][vc_column_inner offset=\u00bbvc_hidden-lg vc_hidden-md vc_hidden-sm\u00bb][vc_empty_space height=\u00bb400px\u00bb][\/vc_column_inner][\/vc_row_inner][\/vc_column][vc_column width=\u00bb2\/3&#8243;][vc_empty_space height=\u00bb100px\u00bb][vc_row_inner row_type=\u00bbrow\u00bb type=\u00bbfull_width\u00bb text_align=\u00bbleft\u00bb css_animation=\u00bb\u00bb][vc_column_inner width=\u00bb1\/12&#8243;][\/vc_column_inner][vc_column_inner el_class=\u00bbpadding\u00bb width=\u00bb10\/12&#8243;][vc_column_text]Los Planes de Protecci\u00f3n Civil son instrumentos que utilizan las distintas Administraciones para atender las emergencias. En estos documentos se establecen tanto los riesgos potenciales, como la coordinaci\u00f3n de los recursos humanos y materiales frente a una situaci\u00f3n de emergencia, y la intervenci\u00f3n necesaria para garantizar la protecci\u00f3n de la vida y los bienes de las personas.<\/p>\n<p>Las grandes l\u00edneas de actuaci\u00f3n en situaciones de emergencias est\u00e1n aprobadas por el Estado en la llamada Norma B\u00e1sica de Protecci\u00f3n Civil, pero cada Comunidad Aut\u00f3noma desarrolla sus planes atendiendo a sus caracter\u00edsticas espec\u00edficas.<\/p>\n<p>De esta manera, cada Administraci\u00f3n (local, insular y Auton\u00f3mica) atiende las directrices esenciales de la Norma B\u00e1sica para elaborar los Planes Territoriales y los Planes Especiales por sectores, tipos de emergencia o actividades concretas.[\/vc_column_text][\/vc_column_inner][vc_column_inner el_class=\u00bbpadding\u00bb width=\u00bb1\/12&#8243; offset=\u00bbvc_hidden-lg vc_hidden-md vc_hidden-sm vc_hidden-xs\u00bb][vc_empty_space height=\u00bb30px\u00bb][\/vc_column_inner][\/vc_row_inner][vc_row_inner row_type=\u00bbrow\u00bb type=\u00bbfull_width\u00bb text_align=\u00bbleft\u00bb css_animation=\u00bb\u00bb][vc_column_inner width=\u00bb1\/12&#8243;][\/vc_column_inner][vc_column_inner el_class=\u00bbpadding\u00bb width=\u00bb10\/12&#8243;][vc_column_text]Los Planes de Protecci\u00f3n Civil son instrumentos que utilizan las distintas Administraciones para atender las emergencias. En estos documentos se establecen tanto los riesgos potenciales, como la coordinaci\u00f3n de los recursos humanos y materiales frente a una situaci\u00f3n de emergencia, y la intervenci\u00f3n necesaria para garantizar la protecci\u00f3n de la vida y los bienes de las personas.<\/p>\n<p>Las grandes l\u00edneas de actuaci\u00f3n en situaciones de emergencias est\u00e1n aprobadas por el Estado en la llamada Norma B\u00e1sica de Protecci\u00f3n Civil, pero cada Comunidad Aut\u00f3noma desarrolla sus planes atendiendo a sus caracter\u00edsticas espec\u00edficas.<\/p>\n<p>De esta manera, cada Administraci\u00f3n (local, insular y Auton\u00f3mica) atiende las directrices esenciales de la Norma B\u00e1sica para elaborar los Planes Territoriales y los Planes Especiales por sectores, tipos de emergencia o actividades concretas.[\/vc_column_text][\/vc_column_inner][vc_column_inner el_class=\u00bbpadding\u00bb width=\u00bb1\/12&#8243;][vc_empty_space height=\u00bb30px\u00bb][\/vc_column_inner][\/vc_row_inner][vc_empty_space height=\u00bb50px\u00bb][vc_row_inner row_type=\u00bbrow\u00bb type=\u00bbfull_width\u00bb text_align=\u00bbleft\u00bb css_animation=\u00bb\u00bb][vc_column_inner width=\u00bb1\/12&#8243;][\/vc_column_inner][vc_column_inner el_class=\u00bbpadding\u00bb width=\u00bb10\/12&#8243;]<div class=\"qode-accordion-holder clearfix qode-toggle qode-initial \">\n\t<h4 class=\"clearfix qode-title-holder\">\n<span class=\"qode-tab-title\">\n\t    <span class=\"qode-tab-title-inner\">\n        Planes territoriales    <\/span>\n<\/span>\n<span class=\"qode-accordion-mark\">\n    <span class=\"qode-accordion-mark-icon\">\n        <span class=\"icon_plus\"><\/span>\n        <span class=\"icon_minus-06\"><\/span>\n    <\/span>\n<\/span>\n<\/h4>\n<div  class=\"qode-accordion-content \" >\n    <div class=\"qode-accordion-content-inner\">\n        [vc_column_text]Los Planes Territoriales son un instrumento y una herramienta de trabajo para los t\u00e9cnicos que deben hacer frente a las emergencias generales que se puedan presentar en el \u00e1mbito territorial de cada Comunidad Aut\u00f3noma o de \u00e1mbito insular o municipal.<\/p>\n<p>Los planes territoriales seg\u00fan el \u00e1mbito geogr\u00e1fico donde se establezcan se circunscriben a la incidencia de cada emergencia.<\/p>\n<p>De esta manera, en un nivel municipal se activa el Plan de Emergencias Municipal que deber\u00e1 ser elaborado por el Ayuntamiento y tramitado en la Comisi\u00f3n Auton\u00f3mica de Protecci\u00f3n Civil y Atenci\u00f3n de Emergencias de Canarias. Asimismo, cada Cabildo Insular deber\u00e1 desarrollar su propio plan insular.<\/p>\n<p>Las emergencias a nivel auton\u00f3mico son las que afectan a m\u00e1s de una isla del Archipi\u00e9lago, o aquellas cuya magnitud del siniestro precisan de la utilizaci\u00f3n de medios ajenos a la isla afectada. En la declaraci\u00f3n de una emergencia a nivel Auton\u00f3mico se activa el PLATECA.<\/p>\n<p>El nivel nacional de una emergencia justifica tambi\u00e9n la activaci\u00f3n de los correspondientes Planes Territoriales.<\/p>\n<ul>\n<li><a href=\"http:\/\/www.gobiernodecanarias.org\/boc\/2015\/104\/006.html\">DECRETO 98\/2015, de 22 de mayo, por el que se aprueba el Plan Territorial de Emergencias de Protecci\u00f3n Civil de la Comunidad Aut\u00f3noma de Canarias (PLATECA)<\/a><\/li>\n<\/ul>\n<p>[\/vc_column_text]    <\/div>\n<\/div><h4 class=\"clearfix qode-title-holder\">\n<span class=\"qode-tab-title\">\n\t    <span class=\"qode-tab-title-inner\">\n        Planes especiales    <\/span>\n<\/span>\n<span class=\"qode-accordion-mark\">\n    <span class=\"qode-accordion-mark-icon\">\n        <span class=\"icon_plus\"><\/span>\n        <span class=\"icon_minus-06\"><\/span>\n    <\/span>\n<\/span>\n<\/h4>\n<div  class=\"qode-accordion-content \" >\n    <div class=\"qode-accordion-content-inner\">\n        [vc_column_text]Los Planes Especiales son herramientas que permiten hacer frente a los riesgos espec\u00edficos cuya naturaleza requiera una metodolog\u00eda adaptada a cada uno de ellos. Los riesgos se dividen en naturales, antr\u00f3picos (originados por la actividad humana) y los ocasionados por concentraciones humanas.<\/p>\n<p>Los Planes Especiales pueden dividirse entre B\u00e1sicos y Especiales. En el caso de los Planes B\u00e1sicos se aplican a situaciones b\u00e9licas y de emergencia nuclear. Son planes exigidos por el inter\u00e9s nacional. Son competencia y la responsabilidad del Estado y abarcan todas las fases de la planificaci\u00f3n, incluyendo la relativa a la prevenci\u00f3n, vigilancia y control de las emergencias potenciales con el concurso de los organismos competentes.<\/p>\n<p>Los Planes Especiales para otro tipo de riesgos son aquellos que se elaboran de acuerdo a las Directrices B\u00e1sicas relativas a cada riesgo: Inundaciones, se\u00edsmos, qu\u00edmicos, transportes de mercanc\u00edas peligrosas, incendios forestales, volc\u00e1nicos, maremotos&#8230; Dichas Directrices B\u00e1sicas establecen los requisitos m\u00ednimos sobre los fundamentos, estructura, organizaci\u00f3n criterios operativos, medidas de intervenci\u00f3n e instrumentos de coordinaci\u00f3n que deben cumplir los Planes.<\/p>\n<p>Estos planes tanto especiales como b\u00e1sicos se elaboran de acuerdo con las prioridades que resulten del inventario de riesgos del territorio, por sectores de actividad, tipo de emergencia o actividades concretas.[\/vc_column_text][vc_empty_space][vc_column_text]<\/p>\n<ul>\n<li><a href=\"http:\/\/www.gobiernodecanarias.org\/boc\/2018\/154\/002.html\">DECRETO 112\/2018, de 30 de julio, por el que se aprueba el Plan Especial de Protecci\u00f3n Civil y Atenci\u00f3n de Emergencias por riesgo volc\u00e1nico en la Comunidad Aut\u00f3noma de Canarias (PEVOLCA).<\/a><\/li>\n<li><a href=\"http:\/\/www.gobiernodecanarias.org\/boc\/2018\/155\/007.html\">DECRETO 113\/2018, de 30 de julio, por el que se aprueba el Plan Especial de Protecci\u00f3n Civil y Atenci\u00f3n de Emergencias por riesgo s\u00edsmico en la Comunidad Aut\u00f3noma de Canarias (PESICAN).<\/a><\/li>\n<li><a href=\"http:\/\/www.gobiernodecanarias.org\/boc\/2014\/113\/007.html\">DECRETO 60\/2014, de 29 de mayo, por el que se aprueba el Plan Especial de Protecci\u00f3n Civil y Atenci\u00f3n de Emergencias por Incendios Forestales de la Comunidad Aut\u00f3noma de Canarias (INFOCA).<\/a><\/li>\n<li><a href=\"http:\/\/www.gobiernodecanarias.org\/boc\/2014\/038\/003.html\">DECRETO 9\/2014, de 6 de febrero, por el que se aprueba el Plan Especial de Protecci\u00f3n Civil y Atenci\u00f3n de Emergencias por accidentes en el transporte de mercanc\u00edas peligrosas por carretera en la Comunidad Aut\u00f3noma de Canarias (PEMERCA).<\/a><\/li>\n<li><a href=\"http:\/\/www.gobiernodecanarias.org\/boc\/2018\/156\/005.html\">DECRETO 114\/2018, de 30 de julio, por el que se aprueba el Plan Especial de Protecci\u00f3n Civil y Atenci\u00f3n de Emergencias por Riesgo Radiol\u00f3gico en la Comunidad Aut\u00f3noma de Canarias (RADICAN).<\/a><\/li>\n<li><a href=\"http:\/\/www.gobiernodecanarias.org\/boc\/2018\/157\/007.html\">DECRETO 115\/2018, de 30 de julio, por el que se aprueba el Plan Especial de Protecci\u00f3n Civil y Atenci\u00f3n de Emergencias por Riesgo de Inundaciones en la Comunidad Aut\u00f3noma de Canarias (PEINCA).<\/a><\/li>\n<li><a href=\"http:\/\/www.gobiernodecanarias.org\/boc\/2021\/149\/002.html\">DECRETO 73\/2021, de 8 de julio, por el que se aprueba el Plan Especial de Emergencia Exterior por riesgo de accidentes graves en los que intervengan sustancias peligrosas en la Comunidad Aut\u00f3noma de Canarias (RISQCAN)<\/a><\/li>\n<\/ul>\n<p>[\/vc_column_text]    <\/div>\n<\/div><h4 class=\"clearfix qode-title-holder\">\n<span class=\"qode-tab-title\">\n\t    <span class=\"qode-tab-title-inner\">\n        Planes espec\u00edficos    <\/span>\n<\/span>\n<span class=\"qode-accordion-mark\">\n    <span class=\"qode-accordion-mark-icon\">\n        <span class=\"icon_plus\"><\/span>\n        <span class=\"icon_minus-06\"><\/span>\n    <\/span>\n<\/span>\n<\/h4>\n<div  class=\"qode-accordion-content \" >\n    <div class=\"qode-accordion-content-inner\">\n        [vc_column_text]<a href=\"http:\/\/www.gobiernodecanarias.org\/boc\/2014\/070\/005.html\">Plan Espec\u00edfico de Protecci\u00f3n Civil y Atenci\u00f3n de Emergencias de la Comunidad Aut\u00f3noma de Canarias por riesgos de Fen\u00f3menos Meteorol\u00f3gicos Adversos (PEFMA).<\/a>[\/vc_column_text][vc_column_text][\/vc_column_text]    <\/div>\n<\/div><\/div>[\/vc_column_inner][vc_column_inner el_class=\u00bbpadding\u00bb width=\u00bb1\/12&#8243;][vc_empty_space height=\u00bb30px\u00bb][\/vc_column_inner][\/vc_row_inner][vc_empty_space height=\u00bb70px\u00bb][\/vc_column][vc_column width=\u00bb1\/6&#8243;][\/vc_column][\/vc_row]<\/p>\n<div class=\"print\"><span class=\"page_title\">P\u00e1gina: <span>Planes de autoprotecci\u00f3n<\/span><\/span>\n\t\t\t\t\t\t\t\t\t\t\t<span class=\"stmp_trans_date\">\u00daltima actualizaci\u00f3n: <span>15\/06\/2023 - 11:33:09<\/span><\/span>\n\t\t\t\t\t\t\t\t\t\t\t<span class=\"stmp_trans_date\">Fecha publicaci\u00f3n: <span>28\/02\/2022 - 09:56:32<\/span><\/span>\n\t\t\t\t\t\t\t\t\t\t\t<span class=\"stmp_trans_date\">Fecha creaci\u00f3n: <span>28\/02\/2022 - 09:56:32<\/span><\/span><\/div>","protected":false},"excerpt":{"rendered":"<p>[vc_row css_animation=\u00bb\u00bb row_type=\u00bbrow\u00bb use_row_as_full_screen_section=\u00bbno\u00bb type=\u00bbfull_width\u00bb angled_section=\u00bbno\u00bb text_align=\u00bbleft\u00bb background_image_as_pattern=\u00bbwithout_pattern\u00bb z_index=\u00bb\u00bb][vc_column width=\u00bb1\/6&#8243; css=\u00bb.vc_custom_1681409522656{background-image: url(https:\/\/www.112canarias.com\/112\/wp-content\/uploads\/2023\/04\/Operacion-de-demanadas-1-1-2-Canarias.jpg?id=3990) !important;background-position: center !important;background-repeat: no-repeat !important;background-size: cover !important;}\u00bb offset=\u00bbvc_hidden-xs\u00bb][vc_row_inner row_type=\u00bbrow\u00bb type=\u00bbfull_width\u00bb text_align=\u00bbleft\u00bb css_animation=\u00bb\u00bb][vc_column_inner offset=\u00bbvc_hidden-xs\u00bb][vc_empty_space height=\u00bb680px\u00bb][\/vc_column_inner][vc_column_inner offset=\u00bbvc_hidden-lg vc_hidden-md vc_hidden-sm\u00bb][vc_empty_space height=\u00bb400px\u00bb][\/vc_column_inner][\/vc_row_inner][\/vc_column][vc_column width=\u00bb2\/3&#8243;][vc_empty_space height=\u00bb100px\u00bb][vc_row_inner row_type=\u00bbrow\u00bb type=\u00bbfull_width\u00bb text_align=\u00bbleft\u00bb css_animation=\u00bb\u00bb][vc_column_inner width=\u00bb1\/12&#8243;][\/vc_column_inner][vc_column_inner el_class=\u00bbpadding\u00bb width=\u00bb10\/12&#8243;][vc_column_text]Los Planes de Protecci\u00f3n Civil son instrumentos&#8230;<\/p>\n","protected":false},"author":1,"featured_media":0,"parent":0,"menu_order":0,"comment_status":"closed","ping_status":"closed","template":"full_width.php","meta":{"footnotes":""},"class_list":["post-158","page","type-page","status-publish","has-post-thumbnail","hentry"],"_links":{"self":[{"href":"https:\/\/www.112canarias.com\/112\/wp-json\/wp\/v2\/pages\/158","targetHints":{"allow":["GET"]}}],"collection":[{"href":"https:\/\/www.112canarias.com\/112\/wp-json\/wp\/v2\/pages"}],"about":[{"href":"https:\/\/www.112canarias.com\/112\/wp-json\/wp\/v2\/types\/page"}],"author":[{"embeddable":true,"href":"https:\/\/www.112canarias.com\/112\/wp-json\/wp\/v2\/users\/1"}],"replies":[{"embeddable":true,"href":"https:\/\/www.112canarias.com\/112\/wp-json\/wp\/v2\/comments?post=158"}],"version-history":[{"count":27,"href":"https:\/\/www.112canarias.com\/112\/wp-json\/wp\/v2\/pages\/158\/revisions"}],"predecessor-version":[{"id":4344,"href":"https:\/\/www.112canarias.com\/112\/wp-json\/wp\/v2\/pages\/158\/revisions\/4344"}],"wp:attachment":[{"href":"https:\/\/www.112canarias.com\/112\/wp-json\/wp\/v2\/media?parent=158"}],"curies":[{"name":"wp","href":"https:\/\/api.w.org\/{rel}","templated":true}]}}