{"id":1979,"date":"2022-06-06T07:39:14","date_gmt":"2022-06-06T07:39:14","guid":{"rendered":"http:\/\/www.112canarias.com\/112\/?page_id=1979"},"modified":"2023-11-30T13:23:16","modified_gmt":"2023-11-30T13:23:16","slug":"app-112-canarias","status":"publish","type":"page","link":"https:\/\/www.112canarias.com\/112\/app-112-canarias\/","title":{"rendered":"APP 112Canarias"},"content":{"rendered":"<p>[vc_row css_animation=\u00bb\u00bb row_type=\u00bbrow\u00bb use_row_as_full_screen_section=\u00bbno\u00bb type=\u00bbfull_width\u00bb angled_section=\u00bbno\u00bb text_align=\u00bbleft\u00bb background_image_as_pattern=\u00bbwithout_pattern\u00bb][vc_column width=\u00bb1\/6&#8243; css=\u00bb.vc_custom_1680089785224{background-image: url(https:\/\/www.112canarias.com\/112\/wp-content\/uploads\/2023\/03\/8-Jefe-Sala-TFE-.jpg?id=3756) !important;background-position: center !important;background-repeat: no-repeat !important;background-size: cover !important;}\u00bb][vc_row_inner row_type=\u00bbrow\u00bb type=\u00bbfull_width\u00bb text_align=\u00bbleft\u00bb css_animation=\u00bb\u00bb][vc_column_inner offset=\u00bbvc_hidden-xs\u00bb][vc_empty_space height=\u00bb550px\u00bb][\/vc_column_inner][vc_column_inner offset=\u00bbvc_hidden-lg vc_hidden-md vc_hidden-sm\u00bb][vc_empty_space height=\u00bb400px\u00bb][\/vc_column_inner][\/vc_row_inner][\/vc_column][vc_column width=\u00bb2\/3&#8243;][vc_empty_space height=\u00bb100px\u00bb][vc_row_inner row_type=\u00bbrow\u00bb type=\u00bbfull_width\u00bb text_align=\u00bbleft\u00bb css_animation=\u00bb\u00bb][vc_column_inner el_class=\u00bbpadding\u00bb width=\u00bb1\/12&#8243;][\/vc_column_inner][vc_column_inner el_class=\u00bbpadding\u00bb width=\u00bb10\/12&#8243;][vc_empty_space height=\u00bb30px\u00bb][vc_column_text]<strong>App 1-1-2Canarias<\/strong><\/p>\n<p><span style=\"font-weight: 400;\">Esta aplicaci\u00f3n gratuita mejora tu comunicaci\u00f3n con el 1-1-2 Canarias, mediante una llamada telef\u00f3nica al 112 que env\u00eda tu posici\u00f3n GPS o, <\/span><b>en el caso de que no puedas hablar<\/b><span style=\"font-weight: 400;\">, mediante un aviso sin voz que, adem\u00e1s de enviar tu posici\u00f3n GPS, emplea iconos para seleccionar el tipo de emergencia y un chat de texto que tambi\u00e9n permite enviar fotograf\u00edas de la emergencia.<\/span><\/p>\n<p><span style=\"font-weight: 400;\">De esta forma proporciona un mejor acceso al 1-1-2 para todos, incluyendo a las personas con discapacidad auditiva y\/o del habla, as\u00ed como de aquellas personas que, por cualquier circunstancia, no puedan comunicarse con el 1-1-2 usando la voz en el momento de la emergencia.<\/span><\/p>\n<p><span style=\"font-weight: 400;\">Adem\u00e1s, te permite recibir avisos con informaci\u00f3n de emergencias destacables que se est\u00e1n produciendo en Canarias, alertas y consejos de autoprotecci\u00f3n. Tambi\u00e9n puedes configurar la aplicaci\u00f3n de modo que, cada vez que env\u00edes un aviso de emergencia, el 112 pueda:<\/span><\/p>\n<ul>\n<li style=\"font-weight: 400;\" aria-level=\"1\"><span style=\"font-weight: 400;\">Recibir los datos personales y los datos m\u00e9dicos que indiques, para mejorar la atenci\u00f3n y gesti\u00f3n de tus avisos de emergencia.<\/span><\/li>\n<li style=\"font-weight: 400;\" aria-level=\"1\"><span style=\"font-weight: 400;\">Avisar mediante mensaje SMS al contacto que indiques.<\/span><\/li>\n<\/ul>\n<p><span style=\"font-weight: 400;\">A tener en cuenta:<\/span><\/p>\n<ul>\n<li style=\"font-weight: 400;\" aria-level=\"1\"><span style=\"font-weight: 400;\">Te recomendamos que tengas activada siempre la posici\u00f3n GPS de tu tel\u00e9fono m\u00f3vil para poder enviar tu posici\u00f3n en caso de emergencia.<\/span><\/li>\n<li style=\"font-weight: 400;\" aria-level=\"1\"><span style=\"font-weight: 400;\">Una vez comunicado al 112 qu\u00e9 ocurre y d\u00f3nde ocurre, ya es posible enviarte ayuda. Aunque te hagan m\u00e1s preguntas, los medios ya pueden estar de camino a auxiliarte.<\/span><\/li>\n<\/ul>\n<p>[\/vc_column_text][vc_empty_space height=\u00bb30px\u00bb][vc_column_text]<b>Video explicativo de la App 112Canarias<\/b><\/p>\n<p><iframe loading=\"lazy\" title=\"Video explicativo App 112Canarias\" width=\"1060\" height=\"596\" src=\"https:\/\/www.youtube.com\/embed\/kXNCTYISjeU?start=13&#038;feature=oembed\" frameborder=\"0\" allow=\"accelerometer; autoplay; clipboard-write; encrypted-media; gyroscope; picture-in-picture; web-share\" allowfullscreen><\/iframe><\/p>\n<p>[\/vc_column_text][vc_column_text el_class=\u00bbbotones-descarga\u00bb]<a class=\"desactivado\" href=\"#\"><\/a><a class=\"desactivado\" href=\"#\"><\/a>[\/vc_column_text][vc_column_text]<b>T\u00e9rminos y condiciones<\/b><\/p>\n<p><a href=\"http:\/\/www.112canarias.com\/app\/app112canarias\/terminos-de-uso.html\"><span style=\"font-weight: 400;\">http:\/\/www.112canarias.com\/app\/app112canarias\/terminos-de-uso.html<\/span><\/a><\/p>\n<p>&nbsp;<\/p>\n<p><b>Manual de uso (PDF)<\/b><\/p>\n<p><a href=\"https:\/\/www.112canarias.com\/112\/wp-content\/uploads\/2023\/04\/Manual_App112-Canarias-def-web.pdf\">Manual_App112 Canarias<\/a>[\/vc_column_text][vc_empty_space height=\u00bb30px\u00bb][\/vc_column_inner][vc_column_inner width=\u00bb1\/12&#8243;][\/vc_column_inner][\/vc_row_inner][vc_empty_space height=\u00bb70px\u00bb][\/vc_column][vc_column width=\u00bb1\/6&#8243;][\/vc_column][\/vc_row][vc_row css_animation=\u00bb\u00bb row_type=\u00bbrow\u00bb use_row_as_full_screen_section=\u00bbno\u00bb type=\u00bbfull_width\u00bb angled_section=\u00bbno\u00bb text_align=\u00bbleft\u00bb background_image_as_pattern=\u00bbwithout_pattern\u00bb][vc_column][\/vc_column][\/vc_row]<\/p>\n<div class=\"print\"><span class=\"page_title\">P\u00e1gina: <span>APP 112Canarias<\/span><\/span>\n\t\t\t\t\t\t\t\t\t\t\t<span class=\"stmp_trans_date\">\u00daltima actualizaci\u00f3n: <span>30\/11\/2023 - 13:23:16<\/span><\/span>\n\t\t\t\t\t\t\t\t\t\t\t<span class=\"stmp_trans_date\">Fecha publicaci\u00f3n: <span>06\/06\/2022 - 07:39:14<\/span><\/span>\n\t\t\t\t\t\t\t\t\t\t\t<span class=\"stmp_trans_date\">Fecha creaci\u00f3n: <span>06\/06\/2022 - 07:39:14<\/span><\/span><\/div>","protected":false},"excerpt":{"rendered":"<p>[vc_row css_animation=\u00bb\u00bb row_type=\u00bbrow\u00bb use_row_as_full_screen_section=\u00bbno\u00bb type=\u00bbfull_width\u00bb angled_section=\u00bbno\u00bb text_align=\u00bbleft\u00bb background_image_as_pattern=\u00bbwithout_pattern\u00bb][vc_column width=\u00bb1\/6&#8243; css=\u00bb.vc_custom_1680089785224{background-image: url(https:\/\/www.112canarias.com\/112\/wp-content\/uploads\/2023\/03\/8-Jefe-Sala-TFE-.jpg?id=3756) !important;background-position: center !important;background-repeat: no-repeat !important;background-size: cover !important;}\u00bb][vc_row_inner row_type=\u00bbrow\u00bb type=\u00bbfull_width\u00bb text_align=\u00bbleft\u00bb css_animation=\u00bb\u00bb][vc_column_inner offset=\u00bbvc_hidden-xs\u00bb][vc_empty_space height=\u00bb550px\u00bb][\/vc_column_inner][vc_column_inner offset=\u00bbvc_hidden-lg vc_hidden-md vc_hidden-sm\u00bb][vc_empty_space height=\u00bb400px\u00bb][\/vc_column_inner][\/vc_row_inner][\/vc_column][vc_column width=\u00bb2\/3&#8243;][vc_empty_space height=\u00bb100px\u00bb][vc_row_inner row_type=\u00bbrow\u00bb type=\u00bbfull_width\u00bb text_align=\u00bbleft\u00bb css_animation=\u00bb\u00bb][vc_column_inner el_class=\u00bbpadding\u00bb width=\u00bb1\/12&#8243;][\/vc_column_inner][vc_column_inner el_class=\u00bbpadding\u00bb width=\u00bb10\/12&#8243;][vc_empty_space height=\u00bb30px\u00bb][vc_column_text]App 1-1-2Canarias Esta aplicaci\u00f3n gratuita mejora tu&#8230;<\/p>\n","protected":false},"author":1,"featured_media":2454,"parent":0,"menu_order":0,"comment_status":"closed","ping_status":"closed","template":"full_width.php","meta":{"footnotes":""},"class_list":["post-1979","page","type-page","status-publish","has-post-thumbnail","hentry"],"_links":{"self":[{"href":"https:\/\/www.112canarias.com\/112\/wp-json\/wp\/v2\/pages\/1979","targetHints":{"allow":["GET"]}}],"collection":[{"href":"https:\/\/www.112canarias.com\/112\/wp-json\/wp\/v2\/pages"}],"about":[{"href":"https:\/\/www.112canarias.com\/112\/wp-json\/wp\/v2\/types\/page"}],"author":[{"embeddable":true,"href":"https:\/\/www.112canarias.com\/112\/wp-json\/wp\/v2\/users\/1"}],"replies":[{"embeddable":true,"href":"https:\/\/www.112canarias.com\/112\/wp-json\/wp\/v2\/comments?post=1979"}],"version-history":[{"count":30,"href":"https:\/\/www.112canarias.com\/112\/wp-json\/wp\/v2\/pages\/1979\/revisions"}],"predecessor-version":[{"id":5390,"href":"https:\/\/www.112canarias.com\/112\/wp-json\/wp\/v2\/pages\/1979\/revisions\/5390"}],"wp:featuredmedia":[{"embeddable":true,"href":"https:\/\/www.112canarias.com\/112\/wp-json\/wp\/v2\/media\/2454"}],"wp:attachment":[{"href":"https:\/\/www.112canarias.com\/112\/wp-json\/wp\/v2\/media?parent=1979"}],"curies":[{"name":"wp","href":"https:\/\/api.w.org\/{rel}","templated":true}]}}