{"id":206,"date":"2022-03-02T12:22:08","date_gmt":"2022-03-02T12:22:08","guid":{"rendered":"http:\/\/www.112canarias.com\/112\/?page_id=206"},"modified":"2023-04-20T09:13:15","modified_gmt":"2023-04-20T09:13:15","slug":"galardones","status":"publish","type":"page","link":"https:\/\/www.112canarias.com\/112\/que-es-el-1-1-2\/como-funciona\/galardones\/","title":{"rendered":"Galardones"},"content":{"rendered":"<p>[vc_row css_animation=\u00bb\u00bb row_type=\u00bbrow\u00bb use_row_as_full_screen_section=\u00bbno\u00bb type=\u00bbfull_width\u00bb angled_section=\u00bbno\u00bb text_align=\u00bbleft\u00bb background_image_as_pattern=\u00bbwithout_pattern\u00bb z_index=\u00bb\u00bb][vc_column width=\u00bb1\/6&#8243; css=\u00bb.vc_custom_1646230098561{background-position: center !important;background-repeat: no-repeat !important;background-size: cover !important;}\u00bb offset=\u00bbvc_hidden-xs\u00bb][\/vc_column][vc_column width=\u00bb2\/3&#8243;][vc_empty_space height=\u00bb100px\u00bb][vc_row_inner row_type=\u00bbrow\u00bb type=\u00bbfull_width\u00bb text_align=\u00bbleft\u00bb css_animation=\u00bb\u00bb][vc_column_inner][vc_empty_space height=\u00bb100px\u00bb][\/vc_column_inner][\/vc_row_inner][\/vc_column][vc_column width=\u00bb1\/6&#8243;][\/vc_column][\/vc_row][vc_row css_animation=\u00bb\u00bb row_type=\u00bbrow\u00bb use_row_as_full_screen_section=\u00bbno\u00bb type=\u00bbfull_width\u00bb angled_section=\u00bbno\u00bb text_align=\u00bbleft\u00bb background_image_as_pattern=\u00bbwithout_pattern\u00bb z_index=\u00bb\u00bb][vc_column width=\u00bb1\/6&#8243; css=\u00bb.vc_custom_1646230098561{background-position: center !important;background-repeat: no-repeat !important;background-size: cover !important;}\u00bb offset=\u00bbvc_hidden-xs\u00bb][\/vc_column][vc_column width=\u00bb2\/3&#8243;][vc_empty_space height=\u00bb100px\u00bb][vc_column_text]<\/p>\n<h2>Premio Cooperaci\u00f3n Internacional EENA 2023<\/h2>\n<p><strong>La EENA reconoce la labor de coordinaci\u00f3n llevada a cabo entre el Cuerpo de Bomberos de Bruselas y el centro de emergencias canario<\/strong><\/p>\n<p class=\"justificado\">El 1-1-2 Canarias\u00a0recibi\u00f3 el 19 de abril de 2023 en la ciudad de Ljubljana, Eslovenia, el Premio de Cooperaci\u00f3n Internacional en la ceremonia anual que organiza la Asociaci\u00f3n Europea de N\u00fameros de Emergencia (EENA).<\/p>\n<p>Este premio reconoce la labor de coordinaci\u00f3n internacional llevada a cabo entre el Cuerpo de Bomberos de Bruselas y el 1-1-2 Canarias que permiti\u00f3 el rescate de una senderista extranjera en la isla de La Gomera. El premio fue recogido por el responsable de la sala operativa de Santa Cruz de Tenerife, Jos\u00e9 Mar\u00eda Yanes, y la coordinadora multisectorial que atendi\u00f3 ese incidente, Candelaria G\u00f3mez.[\/vc_column_text][vc_empty_space height=\u00bb100px\u00bb][\/vc_column][vc_column width=\u00bb1\/6&#8243;][\/vc_column][\/vc_row][vc_row css_animation=\u00bb\u00bb row_type=\u00bbrow\u00bb use_row_as_full_screen_section=\u00bbno\u00bb type=\u00bbfull_width\u00bb angled_section=\u00bbno\u00bb text_align=\u00bbleft\u00bb background_image_as_pattern=\u00bbwithout_pattern\u00bb z_index=\u00bb\u00bb][vc_column width=\u00bb1\/6&#8243; css=\u00bb.vc_custom_1646230098561{background-position: center !important;background-repeat: no-repeat !important;background-size: cover !important;}\u00bb offset=\u00bbvc_hidden-xs\u00bb][\/vc_column][vc_column width=\u00bb2\/3&#8243;][vc_empty_space height=\u00bb100px\u00bb][vc_column_text]<\/p>\n<h2>Inspecci\u00f3n de Trabajo 2018<\/h2>\n<p class=\"justificado\"><strong>El 1-1-2 Canarias recibe el reconocimiento de la Inspecci\u00f3n de Trabajo por su especial colaboraci\u00f3n en los accidentes laborales<\/strong><\/p>\n<p class=\"justificado\">El Centro Coordinador de Emergencias y Seguridad (CECOES) 1-1-2, recibi\u00f3 en el mes de enero de 2018 el reconocimiento de la Inspecci\u00f3n de Trabajo y Seguridad Social por su especial colaboraci\u00f3n en la comunicaci\u00f3n de los accidentes laborales registrados por el 1-1-2.<\/p>\n<p class=\"justificado\">La distinci\u00f3n, una menci\u00f3n honor\u00edfica otorgada a t\u00edtulo colectivo, fue recogida por la directora general de Seguridad y Emergencias, Nazaret D\u00edaz, y el director del CECOES 1-1-2 Jos\u00e9 Domingo Linares, quienes estuvieron acompa\u00f1ados por el director gerente de la empresa p\u00fablica GSC, Luis Rodr\u00edguez Neyra, y el subdirector de Protecci\u00f3n Civil y Emergencias del Gobierno de Canarias, N\u00e9stor Padr\u00f3n.<\/p>\n<p>Seg\u00fan el protocolo de coordinaci\u00f3n establecido, una vez registrada la alerta en el 1-1-2 de un incidente laboral, al mismo tiempo que se procede a la movilizaci\u00f3n de los servicios de emergencias necesarios se activa la alerta temprana y se abre un canal de comunicaci\u00f3n directo entre las salas operativas y los t\u00e9cnicos de guardia de la Inspecci\u00f3n de Trabajo. De esta forma, los coordinadores multisectoriales facilitan a los funcionarios toda la informaci\u00f3n disponible a la mayor brevedad, lo que permite a la Inspecci\u00f3n agilizar las diligencias e investigaciones correspondientes.[\/vc_column_text][vc_empty_space height=\u00bb100px\u00bb][\/vc_column][vc_column width=\u00bb1\/6&#8243;][\/vc_column][\/vc_row][vc_row css_animation=\u00bb\u00bb row_type=\u00bbrow\u00bb use_row_as_full_screen_section=\u00bbno\u00bb type=\u00bbfull_width\u00bb angled_section=\u00bbno\u00bb text_align=\u00bbleft\u00bb background_image_as_pattern=\u00bbwithout_pattern\u00bb z_index=\u00bb\u00bb][vc_column width=\u00bb1\/6&#8243; css=\u00bb.vc_custom_1646230098561{background-position: center !important;background-repeat: no-repeat !important;background-size: cover !important;}\u00bb offset=\u00bbvc_hidden-xs\u00bb][\/vc_column][vc_column width=\u00bb2\/3&#8243;][vc_empty_space height=\u00bb100px\u00bb][vc_column_text]<\/p>\n<h2>Premio ACITICS 2017<\/h2>\n<p><strong>El 1-1-2 recibe el premio ACITICS 2017 por el uso de las telecomunicaciones en su labor al servicio de la sociedad<\/strong><\/p>\n<p>El Centro Coordinador de Emergencias y Seguridad (CECOES) 1-1-2 ha recibido el premio ACITICS 2017, que concede cada a\u00f1o la Asociaci\u00f3n Canaria de Ingenieros y Graduados en Tecnolog\u00edas de la Informaci\u00f3n y las Comunicaciones y el Colegio Oficial de Ingenieros T\u00e9cnicos de Telecomunicaciones de Canarias, destacando \u201csu servicio a la sociedad a trav\u00e9s de las telecomunicaciones\u201d.<\/p>\n<p>La entrega tuvo lugar durante la celebraci\u00f3n del D\u00eda de las TICs, organizada por dicha asociaci\u00f3n, que este a\u00f1o puso la mirada en el papel de la mujer en el sector de la tecnolog\u00eda, en el encuentro denominado \u201cLa digitalizaci\u00f3n con otra mirada\u201d, celebrado en Santa Cruz de Tenerife.<\/p>\n<p>El premio fue recibido por el Gerente de la empresa p\u00fablica Gesti\u00f3n de Servicios para la Salud y Seguridad y Canarias (GSC), Luis Rodr\u00edguez Neyra, y el responsable de la Unidad de Tecnolog\u00eda de la Informaci\u00f3n y Comunicaci\u00f3n de dicha empresa, que gestiona el 1-1-2, Carlos Rosa Remedios.<\/p>\n<p>El CECOES 1-1-2, dentro del ciclo de mejora continua de sus servicios, inici\u00f3 en 2010 la transformaci\u00f3n de sus sistemas de atenci\u00f3n al ciudadano, incorporando una plataforma de VoIP de gesti\u00f3n telef\u00f3nica y actualizando posteriormente las herramientas de Gesti\u00f3n de Incidentes y Matriz de Radiocomunicaciones.<\/p>\n<p>En lo que se refiere a foro tecnol\u00f3gicos, adem\u00e1s de participar en diversos eventos vinculados a la innovaci\u00f3n tecnol\u00f3gica, el 1-1-2 ha organizado ya cinco ediciones sobre el uso de las nuevas tecnolog\u00edas al servicio de las emergencias.[\/vc_column_text][vc_empty_space height=\u00bb100px\u00bb][\/vc_column][vc_column width=\u00bb1\/6&#8243;][\/vc_column][\/vc_row][vc_row css_animation=\u00bb\u00bb row_type=\u00bbrow\u00bb use_row_as_full_screen_section=\u00bbno\u00bb type=\u00bbfull_width\u00bb angled_section=\u00bbno\u00bb text_align=\u00bbleft\u00bb background_image_as_pattern=\u00bbwithout_pattern\u00bb z_index=\u00bb\u00bb][vc_column width=\u00bb1\/6&#8243; css=\u00bb.vc_custom_1646230098561{background-position: center !important;background-repeat: no-repeat !important;background-size: cover !important;}\u00bb offset=\u00bbvc_hidden-xs\u00bb][\/vc_column][vc_column width=\u00bb2\/3&#8243;][vc_empty_space height=\u00bb100px\u00bb][vc_row_inner row_type=\u00bbrow\u00bb type=\u00bbfull_width\u00bb text_align=\u00bbleft\u00bb css_animation=\u00bb\u00bb][vc_column_inner][vc_column_text]<\/p>\n<h2>Premio del Cuerpo Consular de las Palmas 2016<\/h2>\n<p>El 1-1-2 Canarias recibi\u00f3 el d\u00eda 6 de mayo de 2016 el Premio a la Dedicaci\u00f3n y Colaboraci\u00f3n 2016 que anualmente otorga el Cuerpo Consular de Las Palmas. Con esta distinci\u00f3n, los representantes de los distintos consulados premiaron la labor que, en los \u00faltimos a\u00f1os, ha venido desarrollando este servicio con sus sedes consulares, empresarios y operadores tur\u00edsticos al objeto de garantizar una correcta asistencia a los turistas que se desplazan a las islas y que se encuentran en una situaci\u00f3n de emergencia.<\/p>\n<p>La viceconsejera de Medio Ambiente y Seguridad del Gobierno de Canarias, Blanca P\u00e9rez, recogi\u00f3 el premio junto al director general de Seguridad y Emergencias, Juan Francisco Padr\u00f3n, y el responsable de la sala operativa del CECOES 1-1-2 en Las Palmas, Juan Cristo Medina.<\/p>\n<p>Desde su puesta en marcha, el 1-1-2 Canarias ha garantizado una atenci\u00f3n multiling\u00fce de las llamadas de emergencias que son atendidas, adem\u00e1s de en espa\u00f1ol, en los idiomas ingl\u00e9s, alem\u00e1n, franc\u00e9s e italiano. En este sentido, la colaboraci\u00f3n con las sedes consulares es muy importante ya que ayuda a difundir entre los turistas que ante cualquier situaci\u00f3n de urgencia o emergencia deben llamar al 1-1-2 donde se le atender\u00e1 en su idioma.[\/vc_column_text][\/vc_column_inner][\/vc_row_inner][vc_empty_space height=\u00bb100px\u00bb][\/vc_column][vc_column width=\u00bb1\/6&#8243;][\/vc_column][\/vc_row][vc_row css_animation=\u00bb\u00bb row_type=\u00bbrow\u00bb use_row_as_full_screen_section=\u00bbno\u00bb type=\u00bbfull_width\u00bb angled_section=\u00bbno\u00bb text_align=\u00bbleft\u00bb background_image_as_pattern=\u00bbwithout_pattern\u00bb z_index=\u00bb\u00bb][vc_column width=\u00bb1\/6&#8243; css=\u00bb.vc_custom_1646230098561{background-position: center !important;background-repeat: no-repeat !important;background-size: cover !important;}\u00bb offset=\u00bbvc_hidden-xs\u00bb][\/vc_column][vc_column width=\u00bb2\/3&#8243;][vc_empty_space height=\u00bb100px\u00bb][vc_row_inner row_type=\u00bbrow\u00bb type=\u00bbfull_width\u00bb text_align=\u00bbleft\u00bb css_animation=\u00bb\u00bb][vc_column_inner][vc_column_text]<\/p>\n<h2>Premio H\u00e9roe Digital 2014<\/h2>\n<p><strong>El perfil del 1-1-2 Canarias en Twitter recibe el premio nacional H\u00e9roe Digital en Redes Sociales<\/strong><\/p>\n<p>El perfil del 1-1-2 Canarias en la red social Twitter (@112canarias) recibi\u00f3, en el mes de diciembre de 2014, el premio H\u00e9roe Digital en la categor\u00eda de Redes Sociales en reconocimiento a su contribuci\u00f3n a la labor de seguridad digital en la poblaci\u00f3n. La cuenta, que en ese momento contaba con m\u00e1s de 75.000 seguidores, transmite informaci\u00f3n relacionada con la difusi\u00f3n de la cultura preventiva y la actividad registrada en el Centro Coordinador de Emergencias y Seguridad (CECOES) 1-1-2.<\/p>\n<p>Este galard\u00f3n, de gran prestigio a nivel nacional, fue concedido por la empresa ESET, proveedor global de software de seguridad, y entregado en el IV ESET Security Forum celebrado en Madrid, tras el fallo realizado por un jurado especializado, compuesto por los ganadores de la edici\u00f3n anterior de estos premios.[\/vc_column_text][\/vc_column_inner][\/vc_row_inner][vc_empty_space height=\u00bb100px\u00bb][\/vc_column][vc_column width=\u00bb1\/6&#8243;][\/vc_column][\/vc_row][vc_row css_animation=\u00bb\u00bb row_type=\u00bbrow\u00bb use_row_as_full_screen_section=\u00bbno\u00bb type=\u00bbfull_width\u00bb angled_section=\u00bbno\u00bb text_align=\u00bbleft\u00bb background_image_as_pattern=\u00bbwithout_pattern\u00bb z_index=\u00bb\u00bb][vc_column width=\u00bb1\/6&#8243; css=\u00bb.vc_custom_1646229412314{background-position: center !important;background-repeat: no-repeat !important;background-size: cover !important;}\u00bb offset=\u00bbvc_hidden-xs\u00bb][\/vc_column][vc_column width=\u00bb2\/3&#8243;][vc_empty_space height=\u00bb100px\u00bb][vc_row_inner row_type=\u00bbrow\u00bb type=\u00bbfull_width\u00bb text_align=\u00bbleft\u00bb css_animation=\u00bb\u00bb][vc_column_inner][vc_column_text]<\/p>\n<h2>Menci\u00f3n de honor del 911 de Estados Unidos 2010<\/h2>\n<p>En marzo de 2010 en Washington, el CECOES 1-1-2 fue distinguido con una menci\u00f3n de honor durante la \u2018Gala de los Premios de Honor del 911\u2019 americano.<\/p>\n<p>Este reconocimiento, que fue entregado por el presidente del E-911 Insitute (Tel\u00e9fono de Emergencias de Estados Unidos), Gregory Rodhe, premia el esfuerzo realizado por el 1-1-2 en innovaci\u00f3n tecnol\u00f3gica al incorporar nuevos sistemas de atenci\u00f3n a las emergencias.<\/p>\n<p>Dichas jornadas, auspiciadas por la Nacional Emergency Number Association (NENA), la Fundaci\u00f3n E911, The Association of Public-Safety Commununication Official-International (APCO), la Nacional Association of State 911 Administrators (NASNA) y la Alianza Corporativa 911, re\u00fanen a responsables de los centros de emergencia ramificados a lo largo de Estados Unidos, a miembros del Congreso, a l\u00edderes del Gobierno, a funcionarios de la administraci\u00f3n p\u00fablica y a expertos internacionales. Su objetivo principal es buscar la excelencia en la implantaci\u00f3n de las nuevas tecnolog\u00edas y promover el conocimiento a trav\u00e9s de la exposici\u00f3n de nuevos proyectos.[\/vc_column_text][\/vc_column_inner][\/vc_row_inner][vc_empty_space height=\u00bb100px\u00bb][\/vc_column][vc_column width=\u00bb1\/6&#8243;][\/vc_column][\/vc_row][vc_row css_animation=\u00bb\u00bb row_type=\u00bbrow\u00bb use_row_as_full_screen_section=\u00bbno\u00bb type=\u00bbfull_width\u00bb angled_section=\u00bbno\u00bb text_align=\u00bbleft\u00bb background_image_as_pattern=\u00bbwithout_pattern\u00bb z_index=\u00bb\u00bb][vc_column width=\u00bb1\/6&#8243; css=\u00bb.vc_custom_1646230098561{background-position: center !important;background-repeat: no-repeat !important;background-size: cover !important;}\u00bb offset=\u00bbvc_hidden-xs\u00bb][\/vc_column][vc_column width=\u00bb2\/3&#8243;][vc_empty_space height=\u00bb100px\u00bb][vc_row_inner row_type=\u00bbrow\u00bb type=\u00bbfull_width\u00bb text_align=\u00bbleft\u00bb css_animation=\u00bb\u00bb][vc_column_inner][vc_column_text]<\/p>\n<h2>Premio de la Asociaci\u00f3n Europea de Emergencias 2010<\/h2>\n<p>El CECOES recibi\u00f3 en noviembre, en Bruselas, el premio a la mejor campa\u00f1a divulgativa del tel\u00e9fono \u00fanico de emergencias 1-1-2 (\u201cOutstanding education on 1-1-2\u201d) en una ceremonia organizada por la Asociaci\u00f3n Europea de N\u00fameros de Emergencia (EENA) y que reuni\u00f3 a los diferentes pa\u00edses premiados en diversas categor\u00edas.<\/p>\n<p>Los actos celebrados el mes de febrero de 2010 en Gran Canaria con motivo de la conmemoraci\u00f3n del D\u00eda Europeo del 1-1-2 y las sesiones informativas desarrolladas en asociaciones de discapacitados auditivos, colegios y aeropuertos de las Islas que llev\u00f3 a cabo el 1-1-2 Canarias han sido las acciones premiadas por la EENA.[\/vc_column_text][\/vc_column_inner][\/vc_row_inner][vc_empty_space height=\u00bb100px\u00bb][\/vc_column][vc_column width=\u00bb1\/6&#8243;][\/vc_column][\/vc_row][vc_row css_animation=\u00bb\u00bb row_type=\u00bbrow\u00bb use_row_as_full_screen_section=\u00bbno\u00bb type=\u00bbfull_width\u00bb angled_section=\u00bbno\u00bb text_align=\u00bbleft\u00bb background_image_as_pattern=\u00bbwithout_pattern\u00bb z_index=\u00bb\u00bb][vc_column width=\u00bb1\/6&#8243; css=\u00bb.vc_custom_1650447575829{background-position: center !important;background-repeat: no-repeat !important;background-size: cover !important;}\u00bb offset=\u00bbvc_hidden-xs\u00bb][vc_row_inner row_type=\u00bbrow\u00bb type=\u00bbfull_width\u00bb text_align=\u00bbleft\u00bb css_animation=\u00bb\u00bb][vc_column_inner offset=\u00bbvc_hidden-lg vc_hidden-md vc_hidden-sm\u00bb][\/vc_column_inner][\/vc_row_inner][\/vc_column][vc_column width=\u00bb2\/3&#8243;][vc_empty_space height=\u00bb100px\u00bb][vc_row_inner row_type=\u00bbrow\u00bb type=\u00bbfull_width\u00bb text_align=\u00bbleft\u00bb css_animation=\u00bb\u00bb][vc_column_inner][vc_column_text]<\/p>\n<h2>Medalla del M\u00e9rito de la Protecci\u00f3n Civil 2009<\/h2>\n<p>En mayo de 2009, el CECOES 1-1-2 fue reconocido con la Medalla al M\u00e9rito de la Protecci\u00f3n Civil, en su categor\u00eda de bronce con distintivo azul, por la Direcci\u00f3n General de Protecci\u00f3n Civil y Emergencias del Ministerio del Interior del Gobierno de Espa\u00f1a por el trabajo desarrollado ante la llegada de inmigrantes irregulares a las costas canarias.<\/p>\n<p class=\"categoria\" align=\"left\">Esta distinci\u00f3n valor\u00f3 el trabajo que ha realizado el personal de las dos Salas Operativas de Canarias, activas las 24 horas de todos los d\u00edas de a\u00f1o, cuando reciben una llamada que informa del avistamiento de una embarcaci\u00f3n con inmigrantes irregulares a bordo aproxim\u00e1ndose a las costas del Archipi\u00e9lago. En estas ocasiones\u00a0 el Centro Coordinador activa por tierra, mar y aire los recursos necesarios para atender la llegada de embarcaciones con inmigrantes irregulares a bordo en todo el territorio regional y aguas circundantes.<\/p>\n<p>[\/vc_column_text][\/vc_column_inner][\/vc_row_inner][vc_empty_space height=\u00bb100px\u00bb][\/vc_column][vc_column width=\u00bb1\/6&#8243;][\/vc_column][\/vc_row][vc_row css_animation=\u00bb\u00bb row_type=\u00bbrow\u00bb use_row_as_full_screen_section=\u00bbno\u00bb type=\u00bbfull_width\u00bb angled_section=\u00bbno\u00bb text_align=\u00bbleft\u00bb background_image_as_pattern=\u00bbwithout_pattern\u00bb z_index=\u00bb\u00bb][vc_column width=\u00bb1\/6&#8243; css=\u00bb.vc_custom_1646230098561{background-position: center !important;background-repeat: no-repeat !important;background-size: cover !important;}\u00bb offset=\u00bbvc_hidden-xs\u00bb][\/vc_column][vc_column width=\u00bb2\/3&#8243;][vc_empty_space height=\u00bb100px\u00bb][vc_row_inner row_type=\u00bbrow\u00bb type=\u00bbfull_width\u00bb text_align=\u00bbleft\u00bb css_animation=\u00bb\u00bb][vc_column_inner][vc_column_text]<\/p>\n<h2>Premio a la Modernizaci\u00f3n TIC 2008<\/h2>\n<p>El CECOES 1-1-2 recibi\u00f3, en marzo de 2008, el \u201cPremio a la Modernizaci\u00f3n TIC 2008\u201d del que hace entrega la revista especializada en nuevas tecnolog\u00edas Computerworld.<\/p>\n<p>El Equipo de Redacci\u00f3n del semanario ComputerWorld premi\u00f3 a GSC, en la modalidad de Innovaci\u00f3n de la Administraci\u00f3n en Canarias, por el proyecto de consolidaci\u00f3n de la tecnolog\u00eda del servicio de emergencias CECOES 1-1-2 que lo posiciona entre los m\u00e1s r\u00e1pidos y eficaces de toda Europa.<\/p>\n<p>El Premio a la Innovaci\u00f3n de la Administraci\u00f3n pretende ser un reconocimiento a la entidad que m\u00e1s ha apostado por la modernizaci\u00f3n de sus estructuras o procesos de gesti\u00f3n, utilizando las Tecnolog\u00edas de la Informaci\u00f3n y las Comunicaciones como eje de su esfuerzo en la Comunidad Aut\u00f3noma.<\/p>\n<p>En el caso del CECOES 1-1-2, se premi\u00f3 el esfuerzo que este servicio ha llevado a cabo en el impulso del desarrollo y la utilizaci\u00f3n de las TIC para garantizar una respuesta r\u00e1pida y eficaz a las llamadas de emergencia que se producen en las islas, mediante la modernizaci\u00f3n y la optimizaci\u00f3n de los recursos de la plataforma tecnol\u00f3gica del servicio.[\/vc_column_text][\/vc_column_inner][\/vc_row_inner][vc_empty_space height=\u00bb100px\u00bb][\/vc_column][vc_column width=\u00bb1\/6&#8243;][\/vc_column][\/vc_row][vc_row css_animation=\u00bb\u00bb row_type=\u00bbrow\u00bb use_row_as_full_screen_section=\u00bbno\u00bb type=\u00bbfull_width\u00bb angled_section=\u00bbno\u00bb text_align=\u00bbleft\u00bb background_image_as_pattern=\u00bbwithout_pattern\u00bb z_index=\u00bb\u00bb][vc_column width=\u00bb1\/6&#8243; css=\u00bb.vc_custom_1646230098561{background-position: center !important;background-repeat: no-repeat !important;background-size: cover !important;}\u00bb offset=\u00bbvc_hidden-xs\u00bb][\/vc_column][vc_column width=\u00bb2\/3&#8243;][vc_empty_space height=\u00bb100px\u00bb][vc_row_inner row_type=\u00bbrow\u00bb type=\u00bbfull_width\u00bb text_align=\u00bbleft\u00bb css_animation=\u00bb\u00bb][vc_column_inner][vc_column_text]<\/p>\n<h2>Teide de Oro 2007<\/h2>\n<p>El Centro Coordinador de Emergencias y Seguridad (CECOES 1-1-2) del Gobierno de Canarias y el Servicio de Urgencias Canario recibieron en 2007 el premio Teide de Oro en la modalidad colectiva de este galard\u00f3n de manos de Radio Club Tenerife.<\/p>\n<p>Junto a otros servicios de emergencia este medio de comunicaci\u00f3n quiso reconocer la labor que se realiza en la atenci\u00f3n a los inmigrantes irregulares que llegan a nuestras islas en patera o cayuco en un a\u00f1o especialmente duro para Canarias en este aspecto.[\/vc_column_text][\/vc_column_inner][\/vc_row_inner][vc_empty_space height=\u00bb100px\u00bb][\/vc_column][vc_column width=\u00bb1\/6&#8243;][\/vc_column][\/vc_row]<\/p>\n<div class=\"print\"><span class=\"page_title\">P\u00e1gina: <span>Galardones<\/span><\/span>\n\t\t\t\t\t\t\t\t\t\t\t<span class=\"stmp_trans_date\">\u00daltima actualizaci\u00f3n: <span>20\/04\/2023 - 09:13:15<\/span><\/span>\n\t\t\t\t\t\t\t\t\t\t\t<span class=\"stmp_trans_date\">Fecha publicaci\u00f3n: <span>02\/03\/2022 - 12:22:08<\/span><\/span>\n\t\t\t\t\t\t\t\t\t\t\t<span class=\"stmp_trans_date\">Fecha creaci\u00f3n: <span>02\/03\/2022 - 12:22:08<\/span><\/span><\/div>","protected":false},"excerpt":{"rendered":"<p>[vc_row css_animation=\u00bb\u00bb row_type=\u00bbrow\u00bb use_row_as_full_screen_section=\u00bbno\u00bb type=\u00bbfull_width\u00bb angled_section=\u00bbno\u00bb text_align=\u00bbleft\u00bb background_image_as_pattern=\u00bbwithout_pattern\u00bb z_index=\u00bb\u00bb][vc_column width=\u00bb1\/6&#8243; css=\u00bb.vc_custom_1646230098561{background-position: center !important;background-repeat: no-repeat !important;background-size: cover !important;}\u00bb offset=\u00bbvc_hidden-xs\u00bb][\/vc_column][vc_column width=\u00bb2\/3&#8243;][vc_empty_space height=\u00bb100px\u00bb][vc_row_inner row_type=\u00bbrow\u00bb type=\u00bbfull_width\u00bb text_align=\u00bbleft\u00bb css_animation=\u00bb\u00bb][vc_column_inner][vc_empty_space height=\u00bb100px\u00bb][\/vc_column_inner][\/vc_row_inner][\/vc_column][vc_column width=\u00bb1\/6&#8243;][\/vc_column][\/vc_row][vc_row css_animation=\u00bb\u00bb row_type=\u00bbrow\u00bb use_row_as_full_screen_section=\u00bbno\u00bb type=\u00bbfull_width\u00bb angled_section=\u00bbno\u00bb text_align=\u00bbleft\u00bb background_image_as_pattern=\u00bbwithout_pattern\u00bb z_index=\u00bb\u00bb][vc_column width=\u00bb1\/6&#8243; css=\u00bb.vc_custom_1646230098561{background-position: center !important;background-repeat: no-repeat !important;background-size: cover !important;}\u00bb offset=\u00bbvc_hidden-xs\u00bb][\/vc_column][vc_column width=\u00bb2\/3&#8243;][vc_empty_space height=\u00bb100px\u00bb][vc_column_text]&#8230;<\/p>\n","protected":false},"author":1,"featured_media":0,"parent":39,"menu_order":0,"comment_status":"closed","ping_status":"closed","template":"full_width.php","meta":{"footnotes":""},"class_list":["post-206","page","type-page","status-publish","has-post-thumbnail","hentry"],"_links":{"self":[{"href":"https:\/\/www.112canarias.com\/112\/wp-json\/wp\/v2\/pages\/206","targetHints":{"allow":["GET"]}}],"collection":[{"href":"https:\/\/www.112canarias.com\/112\/wp-json\/wp\/v2\/pages"}],"about":[{"href":"https:\/\/www.112canarias.com\/112\/wp-json\/wp\/v2\/types\/page"}],"author":[{"embeddable":true,"href":"https:\/\/www.112canarias.com\/112\/wp-json\/wp\/v2\/users\/1"}],"replies":[{"embeddable":true,"href":"https:\/\/www.112canarias.com\/112\/wp-json\/wp\/v2\/comments?post=206"}],"version-history":[{"count":42,"href":"https:\/\/www.112canarias.com\/112\/wp-json\/wp\/v2\/pages\/206\/revisions"}],"predecessor-version":[{"id":4057,"href":"https:\/\/www.112canarias.com\/112\/wp-json\/wp\/v2\/pages\/206\/revisions\/4057"}],"up":[{"embeddable":true,"href":"https:\/\/www.112canarias.com\/112\/wp-json\/wp\/v2\/pages\/39"}],"wp:attachment":[{"href":"https:\/\/www.112canarias.com\/112\/wp-json\/wp\/v2\/media?parent=206"}],"curies":[{"name":"wp","href":"https:\/\/api.w.org\/{rel}","templated":true}]}}