{"id":35,"date":"2022-02-16T11:43:16","date_gmt":"2022-02-16T11:43:16","guid":{"rendered":"http:\/\/www.112canarias.com\/112\/?page_id=35"},"modified":"2024-11-18T12:32:05","modified_gmt":"2024-11-18T12:32:05","slug":"que-es-el-1-1-2","status":"publish","type":"page","link":"https:\/\/www.112canarias.com\/112\/que-es-el-1-1-2\/","title":{"rendered":"Qu\u00e9 es el 112"},"content":{"rendered":"<div class=\"print\"><span class=\"page_title\">P\u00e1gina: <span>Qu\u00e9 es el 112<\/span><\/span>\n\t\t\t\t\t\t\t\t\t\t\t<span class=\"stmp_trans_date\">\u00daltima actualizaci\u00f3n: <span>18\/11\/2024 - 12:32:05<\/span><\/span>\n\t\t\t\t\t\t\t\t\t\t\t<span class=\"stmp_trans_date\">Fecha publicaci\u00f3n: <span>16\/02\/2022 - 11:43:16<\/span><\/span>\n\t\t\t\t\t\t\t\t\t\t\t<span class=\"stmp_trans_date\">Fecha creaci\u00f3n: <span>16\/02\/2022 - 11:43:16<\/span><\/span><\/div>","protected":false},"excerpt":{"rendered":"<p>P\u00e1gina: Qu\u00e9 es el 112 \u00daltima actualizaci\u00f3n: 18\/11\/2024 &#8211; 12:32:05 Fecha publicaci\u00f3n: 16\/02\/2022 &#8211; 11:43:16 Fecha creaci\u00f3n: 16\/02\/2022 &#8211; 11:43:16<\/p>\n","protected":false},"author":1,"featured_media":0,"parent":0,"menu_order":0,"comment_status":"closed","ping_status":"closed","template":"full_width.php","meta":{"footnotes":""},"class_list":["post-35","page","type-page","status-publish","has-post-thumbnail","hentry"],"_links":{"self":[{"href":"https:\/\/www.112canarias.com\/112\/wp-json\/wp\/v2\/pages\/35","targetHints":{"allow":["GET"]}}],"collection":[{"href":"https:\/\/www.112canarias.com\/112\/wp-json\/wp\/v2\/pages"}],"about":[{"href":"https:\/\/www.112canarias.com\/112\/wp-json\/wp\/v2\/types\/page"}],"author":[{"embeddable":true,"href":"https:\/\/www.112canarias.com\/112\/wp-json\/wp\/v2\/users\/1"}],"replies":[{"embeddable":true,"href":"https:\/\/www.112canarias.com\/112\/wp-json\/wp\/v2\/comments?post=35"}],"version-history":[{"count":2,"href":"https:\/\/www.112canarias.com\/112\/wp-json\/wp\/v2\/pages\/35\/revisions"}],"predecessor-version":[{"id":7760,"href":"https:\/\/www.112canarias.com\/112\/wp-json\/wp\/v2\/pages\/35\/revisions\/7760"}],"wp:attachment":[{"href":"https:\/\/www.112canarias.com\/112\/wp-json\/wp\/v2\/media?parent=35"}],"curies":[{"name":"wp","href":"https:\/\/api.w.org\/{rel}","templated":true}]}}