{"id":467,"date":"2022-04-11T13:44:34","date_gmt":"2022-04-11T13:44:34","guid":{"rendered":"http:\/\/www.112canarias.com\/112\/?page_id=467"},"modified":"2022-04-11T13:50:35","modified_gmt":"2022-04-11T13:50:35","slug":"memorias","status":"publish","type":"page","link":"https:\/\/www.112canarias.com\/112\/memorias\/","title":{"rendered":"Memorias"},"content":{"rendered":"<p>[vc_row css_animation=\u00bb\u00bb row_type=\u00bbrow\u00bb use_row_as_full_screen_section=\u00bbno\u00bb type=\u00bbfull_width\u00bb angled_section=\u00bbno\u00bb text_align=\u00bbleft\u00bb background_image_as_pattern=\u00bbwithout_pattern\u00bb z_index=\u00bb\u00bb el_id=\u00bbmemorias\u00bb][vc_column width=\u00bb1\/6&#8243; css=\u00bb.vc_custom_1649685034098{background-image: url(https:\/\/www.112canarias.com\/112\/wp-content\/uploads\/2022\/03\/Como-funciona.jpg?id=400) !important;background-position: center !important;background-repeat: no-repeat !important;background-size: cover !important;}\u00bb offset=\u00bbvc_hidden-xs\u00bb][vc_row_inner row_type=\u00bbrow\u00bb type=\u00bbfull_width\u00bb text_align=\u00bbleft\u00bb css_animation=\u00bb\u00bb][vc_column_inner offset=\u00bbvc_hidden-xs\u00bb][vc_empty_space height=\u00bb800px\u00bb][\/vc_column_inner][vc_column_inner offset=\u00bbvc_hidden-lg vc_hidden-md vc_hidden-sm\u00bb][vc_empty_space height=\u00bb400px\u00bb][\/vc_column_inner][\/vc_row_inner][\/vc_column][vc_column width=\u00bb2\/3&#8243;][vc_empty_space height=\u00bb100px\u00bb][vc_row_inner row_type=\u00bbrow\u00bb type=\u00bbfull_width\u00bb text_align=\u00bbleft\u00bb css_animation=\u00bb\u00bb][vc_column_inner width=\u00bb1\/12&#8243;][\/vc_column_inner][vc_column_inner el_class=\u00bbpadding\u00bb width=\u00bb5\/12&#8243;][vc_column_text]<\/p>\n<h2>Memorias<\/h2>\n<p>[\/vc_column_text][vc_empty_space height=\u00bb30px\u00bb][\/vc_column_inner][vc_column_inner el_class=\u00bbpadding\u00bb width=\u00bb5\/12&#8243;][\/vc_column_inner][vc_column_inner width=\u00bb1\/12&#8243;][\/vc_column_inner][\/vc_row_inner][vc_row_inner row_type=\u00bbrow\u00bb type=\u00bbfull_width\u00bb text_align=\u00bbleft\u00bb css_animation=\u00bb\u00bb][vc_column_inner width=\u00bb1\/12&#8243;][\/vc_column_inner][vc_column_inner el_class=\u00bbpadding\u00bb width=\u00bb10\/12&#8243;][vc_column_text]El Servicio de urgencias Canario ha atendido a m\u00e1s de 6 millones de personas desde su puesta en marcha en 1994 y ha intervenido en cerca de 7 millones de incidentes. Los coordinadores sanitarios, m\u00e9dicos y enfermeros, atienden en la actualidad una media de 1.000 personas al d\u00eda desde el centro coordinador, ya sea por una consulta de tipo sanitario o, en su mayor\u00eda, prestando asistencia en el lugar del incidente a trav\u00e9s de los recursos sanitarios ubicados en cada isla. Se accede llamando al 1-1-2.<\/p>\n<p>Por otra parte, gestionamos el Transporte Sanitario No Urgente del Servicio Canario de la Salud desde el a\u00f1o 2002. Creada para la optimizaci\u00f3n del transporte de pacientes a centros sanitarios, la Mesa de Transporte lleva a cabo tanto los servicios programados como los diferidos para acudir a tratamiento, consultas o altas hospitalarias.<\/p>\n<p>Consulta aqu\u00ed las memorias de actividad.[\/vc_column_text][vc_empty_space height=\u00bb30px\u00bb][\/vc_column_inner][vc_column_inner el_class=\u00bbpadding\u00bb width=\u00bb1\/12&#8243;][\/vc_column_inner][\/vc_row_inner][vc_row_inner row_type=\u00bbrow\u00bb type=\u00bbfull_width\u00bb text_align=\u00bbleft\u00bb css_animation=\u00bb\u00bb][vc_column_inner width=\u00bb1\/12&#8243; offset=\u00bbvc_hidden-xs\u00bb][vc_empty_space height=\u00bb650px\u00bb][\/vc_column_inner][vc_column_inner el_class=\u00bbpadding\u00bb width=\u00bb5\/6&#8243; offset=\u00bbvc_col-lg-5&#8243;]<a  itemprop=\"url\" href=\"https:\/\/www.112canarias.com\/112\/wp-content\/uploads\/2022\/04\/112-Memoria-de-Actividad-2020.pdf\" target=\"_blank\"  class=\"qbutton  default\" style=\"\">Memoria de actividad 2020<i class=\"qode_icon_font_awesome fa fa-download qode_button_icon_element\" style=\"\" ><\/i><\/a>[vc_empty_space height=\u00bb10px\u00bb]<a  itemprop=\"url\" href=\"https:\/\/www.112canarias.com\/112\/wp-content\/uploads\/2022\/04\/112-Memoria-de-Actividad-2019.pdf\" target=\"_blank\"  class=\"qbutton  default\" style=\"\">Memoria de actividad 2019<i class=\"qode_icon_font_awesome fa fa-download qode_button_icon_element\" style=\"\" ><\/i><\/a>[vc_empty_space height=\u00bb10px\u00bb]<a  itemprop=\"url\" href=\"https:\/\/www.112canarias.com\/112\/wp-content\/uploads\/2022\/04\/112-Memoria-de-Actividad-2018.pdf\" target=\"_blank\"  class=\"qbutton  default\" style=\"\">Memoria de actividad 2018<i class=\"qode_icon_font_awesome fa fa-download qode_button_icon_element\" style=\"\" ><\/i><\/a>[vc_empty_space height=\u00bb10px\u00bb]<a  itemprop=\"url\" href=\"https:\/\/www.112canarias.com\/112\/wp-content\/uploads\/2022\/04\/112-Memoria-de-Actividad-2017.pdf\" target=\"_blank\"  class=\"qbutton  default\" style=\"\">Memoria de actividad 2017<i class=\"qode_icon_font_awesome fa fa-download qode_button_icon_element\" style=\"\" ><\/i><\/a>[vc_empty_space height=\u00bb10px\u00bb]<a  itemprop=\"url\" href=\"https:\/\/www.112canarias.com\/112\/wp-content\/uploads\/2022\/04\/112-Memoria-de-Actividad-2016.pdf\" target=\"_blank\"  class=\"qbutton  default\" style=\"\">Memoria de actividad 2016<i class=\"qode_icon_font_awesome fa fa-download qode_button_icon_element\" style=\"\" ><\/i><\/a>[vc_empty_space height=\u00bb10px\u00bb]<a  itemprop=\"url\" href=\"https:\/\/www.112canarias.com\/112\/wp-content\/uploads\/2022\/04\/112-Memoria-de-Actividad-2015.pdf\" target=\"_blank\"  class=\"qbutton  default\" style=\"\">Memoria de actividad 2015<i class=\"qode_icon_font_awesome fa fa-download qode_button_icon_element\" style=\"\" ><\/i><\/a>[vc_empty_space height=\u00bb10px\u00bb]<a  itemprop=\"url\" href=\"https:\/\/www.112canarias.com\/112\/wp-content\/uploads\/2022\/04\/112-Memoria-de-Actividad-2014.pdf\" target=\"_blank\"  class=\"qbutton  default\" style=\"\">Memoria de actividad 2014<i class=\"qode_icon_font_awesome fa fa-download qode_button_icon_element\" style=\"\" ><\/i><\/a>[vc_empty_space height=\u00bb10px\u00bb]<a  itemprop=\"url\" href=\"https:\/\/www.112canarias.com\/112\/wp-content\/uploads\/2022\/04\/112-Memoria-de-Actividad-2013.pdf\" target=\"_blank\"  class=\"qbutton  default\" style=\"\">Memoria de actividad 2013<i class=\"qode_icon_font_awesome fa fa-download qode_button_icon_element\" style=\"\" ><\/i><\/a>[vc_empty_space height=\u00bb10px\u00bb]<a  itemprop=\"url\" href=\"https:\/\/www.112canarias.com\/112\/wp-content\/uploads\/2022\/04\/112-Memoria-de-Actividad-2012.pdf\" target=\"_blank\"  class=\"qbutton  default\" style=\"\">Memoria de actividad 2012<i class=\"qode_icon_font_awesome fa fa-download qode_button_icon_element\" style=\"\" ><\/i><\/a>[vc_empty_space height=\u00bb10px\u00bb]<a  itemprop=\"url\" href=\"https:\/\/www.112canarias.com\/112\/wp-content\/uploads\/2022\/04\/112-Memoria-de-Actividad-2011.pdf\" target=\"_blank\"  class=\"qbutton  default\" style=\"\">Memoria de actividad 2011<i class=\"qode_icon_font_awesome fa fa-download qode_button_icon_element\" style=\"\" ><\/i><\/a>[vc_empty_space height=\u00bb10px\u00bb]<a  itemprop=\"url\" href=\"https:\/\/www.112canarias.com\/112\/wp-content\/uploads\/2022\/04\/112-Memoria-de-Actividad-2010.pdf\" target=\"_blank\"  class=\"qbutton  default\" style=\"\">Memoria de actividad 2010<i class=\"qode_icon_font_awesome fa fa-download qode_button_icon_element\" style=\"\" ><\/i><\/a>[vc_empty_space height=\u00bb10px\u00bb][\/vc_column_inner][vc_column_inner el_class=\u00bbpadding\u00bb width=\u00bb5\/6&#8243; offset=\u00bbvc_col-lg-5&#8243;]<a  itemprop=\"url\" href=\"https:\/\/www.112canarias.com\/112\/wp-content\/uploads\/2022\/04\/112-Memoria-de-Actividad-2009.pdf\" target=\"_blank\"  class=\"qbutton  default\" style=\"\">Memoria de actividad 2009<i class=\"qode_icon_font_awesome fa fa-download qode_button_icon_element\" style=\"\" ><\/i><\/a>[vc_empty_space height=\u00bb10px\u00bb]<a  itemprop=\"url\" href=\"https:\/\/www.112canarias.com\/112\/wp-content\/uploads\/2022\/04\/112-Memoria-de-Actividad-2008.pdf\" target=\"_blank\"  class=\"qbutton  default\" style=\"\">Memoria de actividad 2008<i class=\"qode_icon_font_awesome fa fa-download qode_button_icon_element\" style=\"\" ><\/i><\/a>[vc_empty_space height=\u00bb10px\u00bb]<a  itemprop=\"url\" href=\"https:\/\/www.112canarias.com\/112\/wp-content\/uploads\/2022\/04\/112-Memoria-de-Actividad-2007.pdf\" target=\"_blank\"  class=\"qbutton  default\" style=\"\">Memoria de actividad 2007<i class=\"qode_icon_font_awesome fa fa-download qode_button_icon_element\" style=\"\" ><\/i><\/a>[vc_empty_space height=\u00bb10px\u00bb]<a  itemprop=\"url\" href=\"https:\/\/www.112canarias.com\/112\/wp-content\/uploads\/2022\/04\/112-Memoria-de-Actividad-2006.pdf\" target=\"_blank\"  class=\"qbutton  default\" style=\"\">Memoria de actividad 2006<i class=\"qode_icon_font_awesome fa fa-download qode_button_icon_element\" style=\"\" ><\/i><\/a>[vc_empty_space height=\u00bb10px\u00bb]<a  itemprop=\"url\" href=\"https:\/\/www.112canarias.com\/112\/wp-content\/uploads\/2022\/04\/112-Memoria-de-Actividad-2005.pdf\" target=\"_blank\"  class=\"qbutton  default\" style=\"\">Memoria de actividad 2005<i class=\"qode_icon_font_awesome fa fa-download qode_button_icon_element\" style=\"\" ><\/i><\/a>[vc_empty_space height=\u00bb10px\u00bb]<a  itemprop=\"url\" href=\"https:\/\/www.112canarias.com\/112\/wp-content\/uploads\/2022\/04\/112-Memoria-de-Actividad-2004.pdf\" target=\"_blank\"  class=\"qbutton  default\" style=\"\">Memoria de actividad 2004<i class=\"qode_icon_font_awesome fa fa-download qode_button_icon_element\" style=\"\" ><\/i><\/a>[vc_empty_space height=\u00bb10px\u00bb]<a  itemprop=\"url\" href=\"https:\/\/www.112canarias.com\/112\/wp-content\/uploads\/2022\/04\/112-Memoria-de-Actividad-2003.pdf\" target=\"_blank\"  class=\"qbutton  default\" style=\"\">Memoria de actividad 2003<i class=\"qode_icon_font_awesome fa fa-download qode_button_icon_element\" style=\"\" ><\/i><\/a>[vc_empty_space height=\u00bb10px\u00bb]<a  itemprop=\"url\" href=\"https:\/\/www.112canarias.com\/112\/wp-content\/uploads\/2022\/04\/112-Memoria-de-Actividad-2002.pdf\" target=\"_blank\"  class=\"qbutton  default\" style=\"\">Memoria de actividad 2002<i class=\"qode_icon_font_awesome fa fa-download qode_button_icon_element\" style=\"\" ><\/i><\/a>[vc_empty_space height=\u00bb10px\u00bb]<a  itemprop=\"url\" href=\"https:\/\/www.112canarias.com\/112\/wp-content\/uploads\/2022\/04\/112-Memoria-de-Actividad-2001.pdf\" target=\"_blank\"  class=\"qbutton  default\" style=\"\">Memoria de actividad 2001<i class=\"qode_icon_font_awesome fa fa-download qode_button_icon_element\" style=\"\" ><\/i><\/a>[vc_empty_space height=\u00bb10px\u00bb]<a  itemprop=\"url\" href=\"https:\/\/www.112canarias.com\/112\/wp-content\/uploads\/2022\/04\/112-Memoria-de-Actividad-2000.pdf\" target=\"_blank\"  class=\"qbutton  default\" style=\"\">Memoria de actividad 2000<i class=\"qode_icon_font_awesome fa fa-download qode_button_icon_element\" style=\"\" ><\/i><\/a>[\/vc_column_inner][vc_column_inner width=\u00bb1\/12&#8243;][\/vc_column_inner][\/vc_row_inner][vc_empty_space height=\u00bb70px\u00bb][\/vc_column][vc_column width=\u00bb1\/6&#8243;][\/vc_column][\/vc_row]<\/p>\n<div class=\"print\"><span class=\"page_title\">P\u00e1gina: <span>Memorias<\/span><\/span>\n\t\t\t\t\t\t\t\t\t\t\t<span class=\"stmp_trans_date\">\u00daltima actualizaci\u00f3n: <span>11\/04\/2022 - 13:50:35<\/span><\/span>\n\t\t\t\t\t\t\t\t\t\t\t<span class=\"stmp_trans_date\">Fecha publicaci\u00f3n: <span>11\/04\/2022 - 13:44:34<\/span><\/span>\n\t\t\t\t\t\t\t\t\t\t\t<span class=\"stmp_trans_date\">Fecha creaci\u00f3n: <span>11\/04\/2022 - 13:44:34<\/span><\/span><\/div>","protected":false},"excerpt":{"rendered":"<p>[vc_row css_animation=\u00bb\u00bb row_type=\u00bbrow\u00bb use_row_as_full_screen_section=\u00bbno\u00bb type=\u00bbfull_width\u00bb angled_section=\u00bbno\u00bb text_align=\u00bbleft\u00bb background_image_as_pattern=\u00bbwithout_pattern\u00bb z_index=\u00bb\u00bb el_id=\u00bbmemorias\u00bb][vc_column width=\u00bb1\/6&#8243; css=\u00bb.vc_custom_1649685034098{background-image: url(https:\/\/www.112canarias.com\/112\/wp-content\/uploads\/2022\/03\/Como-funciona.jpg?id=400) !important;background-position: center !important;background-repeat: no-repeat !important;background-size: cover !important;}\u00bb offset=\u00bbvc_hidden-xs\u00bb][vc_row_inner row_type=\u00bbrow\u00bb type=\u00bbfull_width\u00bb text_align=\u00bbleft\u00bb css_animation=\u00bb\u00bb][vc_column_inner offset=\u00bbvc_hidden-xs\u00bb][vc_empty_space height=\u00bb800px\u00bb][\/vc_column_inner][vc_column_inner offset=\u00bbvc_hidden-lg vc_hidden-md vc_hidden-sm\u00bb][vc_empty_space height=\u00bb400px\u00bb][\/vc_column_inner][\/vc_row_inner][\/vc_column][vc_column width=\u00bb2\/3&#8243;][vc_empty_space height=\u00bb100px\u00bb][vc_row_inner row_type=\u00bbrow\u00bb type=\u00bbfull_width\u00bb text_align=\u00bbleft\u00bb css_animation=\u00bb\u00bb][vc_column_inner width=\u00bb1\/12&#8243;][\/vc_column_inner][vc_column_inner el_class=\u00bbpadding\u00bb width=\u00bb5\/12&#8243;][vc_column_text] Memorias [\/vc_column_text][vc_empty_space height=\u00bb30px\u00bb][\/vc_column_inner][vc_column_inner el_class=\u00bbpadding\u00bb width=\u00bb5\/12&#8243;][\/vc_column_inner][vc_column_inner&#8230;<\/p>\n","protected":false},"author":1,"featured_media":0,"parent":0,"menu_order":0,"comment_status":"closed","ping_status":"closed","template":"full_width.php","meta":{"footnotes":""},"class_list":["post-467","page","type-page","status-publish","has-post-thumbnail","hentry"],"_links":{"self":[{"href":"https:\/\/www.112canarias.com\/112\/wp-json\/wp\/v2\/pages\/467","targetHints":{"allow":["GET"]}}],"collection":[{"href":"https:\/\/www.112canarias.com\/112\/wp-json\/wp\/v2\/pages"}],"about":[{"href":"https:\/\/www.112canarias.com\/112\/wp-json\/wp\/v2\/types\/page"}],"author":[{"embeddable":true,"href":"https:\/\/www.112canarias.com\/112\/wp-json\/wp\/v2\/users\/1"}],"replies":[{"embeddable":true,"href":"https:\/\/www.112canarias.com\/112\/wp-json\/wp\/v2\/comments?post=467"}],"version-history":[{"count":4,"href":"https:\/\/www.112canarias.com\/112\/wp-json\/wp\/v2\/pages\/467\/revisions"}],"predecessor-version":[{"id":490,"href":"https:\/\/www.112canarias.com\/112\/wp-json\/wp\/v2\/pages\/467\/revisions\/490"}],"wp:attachment":[{"href":"https:\/\/www.112canarias.com\/112\/wp-json\/wp\/v2\/media?parent=467"}],"curies":[{"name":"wp","href":"https:\/\/api.w.org\/{rel}","templated":true}]}}