{"id":49,"date":"2022-02-16T11:45:02","date_gmt":"2022-02-16T11:45:02","guid":{"rendered":"http:\/\/www.112canarias.com\/112\/?page_id=49"},"modified":"2024-07-25T08:14:21","modified_gmt":"2024-07-25T08:14:21","slug":"actividad","status":"publish","type":"page","link":"https:\/\/www.112canarias.com\/112\/actividad\/","title":{"rendered":"Actividad"},"content":{"rendered":"<p>[vc_row css_animation=\u00bb\u00bb row_type=\u00bbrow\u00bb use_row_as_full_screen_section=\u00bbno\u00bb type=\u00bbfull_width\u00bb angled_section=\u00bbno\u00bb text_align=\u00bbleft\u00bb background_image_as_pattern=\u00bbwithout_pattern\u00bb z_index=\u00bb\u00bb][vc_column width=\u00bb1\/6&#8243; css=\u00bb.vc_custom_1679906114191{background-image: url(https:\/\/www.112canarias.com\/112\/wp-content\/uploads\/2023\/03\/Jefe-de-sala-y-gestor-de-recursos1.jpg?id=3724) !important;background-position: center !important;background-repeat: no-repeat !important;background-size: cover !important;}\u00bb offset=\u00bbvc_hidden-xs\u00bb][vc_row_inner row_type=\u00bbrow\u00bb type=\u00bbfull_width\u00bb text_align=\u00bbleft\u00bb css_animation=\u00bb\u00bb][vc_column_inner offset=\u00bbvc_hidden-xs\u00bb][vc_empty_space height=\u00bb460px\u00bb][\/vc_column_inner][vc_column_inner offset=\u00bbvc_hidden-lg vc_hidden-md vc_hidden-sm\u00bb][vc_empty_space height=\u00bb400px\u00bb][\/vc_column_inner][\/vc_row_inner][\/vc_column][vc_column width=\u00bb2\/3&#8243;][vc_empty_space height=\u00bb100px\u00bb][vc_row_inner row_type=\u00bbrow\u00bb type=\u00bbfull_width\u00bb text_align=\u00bbleft\u00bb css_animation=\u00bb\u00bb][vc_column_inner width=\u00bb1\/12&#8243;][\/vc_column_inner][vc_column_inner el_class=\u00bbpadding\u00bb width=\u00bb10\/12&#8243;][vc_column_text]A lo largo de su trayectoria, el 1-1-2 Canarias ha experimentado un importante crecimiento de su actividad tanto en el n\u00famero de incidentes anuales gestionados por este servicio que ha crecido en un 146%, pasando de los 214.772 que se resolvieron en 1999 a los m\u00e1s de medio mill\u00f3n en la actualidad.<\/p>\n<p>Un incremento a\u00fan mayor se ha producido en el n\u00famero de personas atendidas, el cual se ha aumentado en m\u00e1s de un 214% al pasar de las 162.201 personas que solicitaron la ayuda del 1-1-2 en 1999 a las m\u00e1s de 510.000 que lo hicieron el pasado a\u00f1o.<\/p>\n<p>La atenci\u00f3n en idiomas de este servicio tambi\u00e9n ha experimentado un aumento del 490% al pasar de las 2.430 llamadas atendidas en idiomas durante sus inicios a las m\u00e1s de 13.000 que se recibieron el a\u00f1o pasado.[\/vc_column_text][vc_column_text]Consulta aqu\u00ed las memorias de actividad.[\/vc_column_text][vc_empty_space height=\u00bb30px\u00bb][\/vc_column_inner][vc_column_inner el_class=\u00bbpadding\u00bb width=\u00bb1\/12&#8243;][vc_empty_space height=\u00bb30px\u00bb][\/vc_column_inner][\/vc_row_inner][vc_row_inner row_type=\u00bbrow\u00bb type=\u00bbfull_width\u00bb text_align=\u00bbleft\u00bb css_animation=\u00bb\u00bb][vc_column_inner width=\u00bb1\/12&#8243; offset=\u00bbvc_hidden-xs\u00bb][vc_empty_space height=\u00bb650px\u00bb][\/vc_column_inner][vc_column_inner el_class=\u00bbpadding\u00bb width=\u00bb5\/6&#8243; offset=\u00bbvc_col-lg-5&#8243;]<a  itemprop=\"url\" href=\"https:\/\/www.112canarias.com\/112\/wp-content\/uploads\/2024\/07\/Memoria-Actividad-CECOES112-2023_web.pdf\" target=\"_blank\"  class=\"qbutton  default\" style=\"color: #ffffff; \">Memoria de actividad 2023<i class=\"qode_icon_font_awesome fa fa-download qode_button_icon_element\" style=\"\" ><\/i><\/a>[vc_empty_space height=\u00bb10px\u00bb]<a  itemprop=\"url\" href=\"https:\/\/www.112canarias.com\/112\/wp-content\/uploads\/2024\/04\/Memoria-Actividad-CECOES112-2022_web.pdf\" target=\"_blank\"  class=\"qbutton  default\" style=\"color: #ffffff; \">Memoria de actividad 2022<i class=\"qode_icon_font_awesome fa fa-download qode_button_icon_element\" style=\"\" ><\/i><\/a>[vc_empty_space height=\u00bb10px\u00bb]<a  itemprop=\"url\" href=\"https:\/\/www.112canarias.com\/112\/wp-content\/uploads\/2022\/07\/Balance-1-1-2comp.pdf\" target=\"_blank\"  class=\"qbutton  default\" style=\"color: #ffffff; \">Memoria de actividad 2021<i class=\"qode_icon_font_awesome fa fa-download qode_button_icon_element\" style=\"\" ><\/i><\/a>[vc_empty_space height=\u00bb10px\u00bb]<a  itemprop=\"url\" href=\"https:\/\/www.112canarias.com\/112\/wp-content\/uploads\/2022\/04\/112-Memoria-de-Actividad-2020.pdf\" target=\"_blank\"  class=\"qbutton  default\" style=\"\">Memoria de actividad 2020<i class=\"qode_icon_font_awesome fa fa-download qode_button_icon_element\" style=\"\" ><\/i><\/a>[vc_empty_space height=\u00bb10px\u00bb]<a  itemprop=\"url\" href=\"https:\/\/www.112canarias.com\/112\/wp-content\/uploads\/2022\/04\/112-Memoria-de-Actividad-2019.pdf\" target=\"_blank\"  class=\"qbutton  default\" style=\"\">Memoria de actividad 2019<i class=\"qode_icon_font_awesome fa fa-download qode_button_icon_element\" style=\"\" ><\/i><\/a>[vc_empty_space height=\u00bb10px\u00bb]<a  itemprop=\"url\" href=\"https:\/\/www.112canarias.com\/112\/wp-content\/uploads\/2022\/04\/112-Memoria-de-Actividad-2018.pdf\" target=\"_blank\"  class=\"qbutton  default\" style=\"\">Memoria de actividad 2018<i class=\"qode_icon_font_awesome fa fa-download qode_button_icon_element\" style=\"\" ><\/i><\/a>[vc_empty_space height=\u00bb10px\u00bb]<a  itemprop=\"url\" href=\"https:\/\/www.112canarias.com\/112\/wp-content\/uploads\/2022\/04\/112-Memoria-de-Actividad-2017.pdf\" target=\"_blank\"  class=\"qbutton  default\" style=\"\">Memoria de actividad 2017<i class=\"qode_icon_font_awesome fa fa-download qode_button_icon_element\" style=\"\" ><\/i><\/a>[vc_empty_space height=\u00bb10px\u00bb]<a  itemprop=\"url\" href=\"https:\/\/www.112canarias.com\/112\/wp-content\/uploads\/2022\/04\/112-Memoria-de-Actividad-2016.pdf\" target=\"_blank\"  class=\"qbutton  default\" style=\"\">Memoria de actividad 2016<i class=\"qode_icon_font_awesome fa fa-download qode_button_icon_element\" style=\"\" ><\/i><\/a>[vc_empty_space height=\u00bb10px\u00bb]<a  itemprop=\"url\" href=\"https:\/\/www.112canarias.com\/112\/wp-content\/uploads\/2022\/04\/112-Memoria-de-Actividad-2015.pdf\" target=\"_blank\"  class=\"qbutton  default\" style=\"\">Memoria de actividad 2015<i class=\"qode_icon_font_awesome fa fa-download qode_button_icon_element\" style=\"\" ><\/i><\/a>[vc_empty_space height=\u00bb10px\u00bb]<a  itemprop=\"url\" href=\"https:\/\/www.112canarias.com\/112\/wp-content\/uploads\/2022\/04\/112-Memoria-de-Actividad-2014.pdf\" target=\"_blank\"  class=\"qbutton  default\" style=\"\">Memoria de actividad 2014<i class=\"qode_icon_font_awesome fa fa-download qode_button_icon_element\" style=\"\" ><\/i><\/a>[vc_empty_space height=\u00bb10px\u00bb]<a  itemprop=\"url\" href=\"https:\/\/www.112canarias.com\/112\/wp-content\/uploads\/2022\/04\/112-Memoria-de-Actividad-2013.pdf\" target=\"_blank\"  class=\"qbutton  default\" style=\"\">Memoria de actividad 2013<i class=\"qode_icon_font_awesome fa fa-download qode_button_icon_element\" style=\"\" ><\/i><\/a>[vc_empty_space height=\u00bb10px\u00bb]<a  itemprop=\"url\" href=\"https:\/\/www.112canarias.com\/112\/wp-content\/uploads\/2022\/04\/112-Memoria-de-Actividad-2012.pdf\" target=\"_blank\"  class=\"qbutton  default\" style=\"\">Memoria de actividad 2012<i class=\"qode_icon_font_awesome fa fa-download qode_button_icon_element\" style=\"\" ><\/i><\/a>[vc_empty_space height=\u00bb10px\u00bb][\/vc_column_inner][vc_column_inner el_class=\u00bbpadding\u00bb width=\u00bb5\/6&#8243; offset=\u00bbvc_col-lg-5&#8243;]<a  itemprop=\"url\" href=\"https:\/\/www.112canarias.com\/112\/wp-content\/uploads\/2022\/04\/112-Memoria-de-Actividad-2011.pdf\" target=\"_blank\"  class=\"qbutton  default\" style=\"\">Memoria de actividad 2011<i class=\"qode_icon_font_awesome fa fa-download qode_button_icon_element\" style=\"\" ><\/i><\/a>[vc_empty_space height=\u00bb10px\u00bb]<a  itemprop=\"url\" href=\"https:\/\/www.112canarias.com\/112\/wp-content\/uploads\/2022\/04\/112-Memoria-de-Actividad-2010.pdf\" target=\"_blank\"  class=\"qbutton  default\" style=\"\">Memoria de actividad 2010<i class=\"qode_icon_font_awesome fa fa-download qode_button_icon_element\" style=\"\" ><\/i><\/a>[vc_empty_space height=\u00bb10px\u00bb]<a  itemprop=\"url\" href=\"https:\/\/www.112canarias.com\/112\/wp-content\/uploads\/2022\/04\/112-Memoria-de-Actividad-2009.pdf\" target=\"_blank\"  class=\"qbutton  default\" style=\"\">Memoria de actividad 2009<i class=\"qode_icon_font_awesome fa fa-download qode_button_icon_element\" style=\"\" ><\/i><\/a>[vc_empty_space height=\u00bb10px\u00bb]<a  itemprop=\"url\" href=\"https:\/\/www.112canarias.com\/112\/wp-content\/uploads\/2022\/04\/112-Memoria-de-Actividad-2008.pdf\" target=\"_blank\"  class=\"qbutton  default\" style=\"\">Memoria de actividad 2008<i class=\"qode_icon_font_awesome fa fa-download qode_button_icon_element\" style=\"\" ><\/i><\/a>[vc_empty_space height=\u00bb10px\u00bb]<a  itemprop=\"url\" href=\"https:\/\/www.112canarias.com\/112\/wp-content\/uploads\/2022\/04\/112-Memoria-de-Actividad-2007.pdf\" target=\"_blank\"  class=\"qbutton  default\" style=\"\">Memoria de actividad 2007<i class=\"qode_icon_font_awesome fa fa-download qode_button_icon_element\" style=\"\" ><\/i><\/a>[vc_empty_space height=\u00bb10px\u00bb]<a  itemprop=\"url\" href=\"https:\/\/www.112canarias.com\/112\/wp-content\/uploads\/2022\/04\/112-Memoria-de-Actividad-2006.pdf\" target=\"_blank\"  class=\"qbutton  default\" style=\"\">Memoria de actividad 2006<i class=\"qode_icon_font_awesome fa fa-download qode_button_icon_element\" style=\"\" ><\/i><\/a>[vc_empty_space height=\u00bb10px\u00bb]<a  itemprop=\"url\" href=\"https:\/\/www.112canarias.com\/112\/wp-content\/uploads\/2022\/04\/112-Memoria-de-Actividad-2005.pdf\" target=\"_blank\"  class=\"qbutton  default\" style=\"\">Memoria de actividad 2005<i class=\"qode_icon_font_awesome fa fa-download qode_button_icon_element\" style=\"\" ><\/i><\/a>[vc_empty_space height=\u00bb10px\u00bb]<a  itemprop=\"url\" href=\"https:\/\/www.112canarias.com\/112\/wp-content\/uploads\/2022\/04\/112-Memoria-de-Actividad-2004.pdf\" target=\"_blank\"  class=\"qbutton  default\" style=\"\">Memoria de actividad 2004<i class=\"qode_icon_font_awesome fa fa-download qode_button_icon_element\" style=\"\" ><\/i><\/a>[vc_empty_space height=\u00bb10px\u00bb]<a  itemprop=\"url\" href=\"https:\/\/www.112canarias.com\/112\/wp-content\/uploads\/2022\/04\/112-Memoria-de-Actividad-2003.pdf\" target=\"_blank\"  class=\"qbutton  default\" style=\"\">Memoria de actividad 2003<i class=\"qode_icon_font_awesome fa fa-download qode_button_icon_element\" style=\"\" ><\/i><\/a>[vc_empty_space height=\u00bb10px\u00bb]<a  itemprop=\"url\" href=\"https:\/\/www.112canarias.com\/112\/wp-content\/uploads\/2022\/04\/112-Memoria-de-Actividad-2002.pdf\" target=\"_blank\"  class=\"qbutton  default\" style=\"\">Memoria de actividad 2002<i class=\"qode_icon_font_awesome fa fa-download qode_button_icon_element\" style=\"\" ><\/i><\/a>[vc_empty_space height=\u00bb10px\u00bb]<a  itemprop=\"url\" href=\"https:\/\/www.112canarias.com\/112\/wp-content\/uploads\/2022\/04\/112-Memoria-de-Actividad-2001.pdf\" target=\"_blank\"  class=\"qbutton  default\" style=\"\">Memoria de actividad 2001<i class=\"qode_icon_font_awesome fa fa-download qode_button_icon_element\" style=\"\" ><\/i><\/a>[vc_empty_space height=\u00bb10px\u00bb]<a  itemprop=\"url\" href=\"https:\/\/www.112canarias.com\/112\/wp-content\/uploads\/2022\/04\/112-Memoria-de-Actividad-2000.pdf\" target=\"_blank\"  class=\"qbutton  default\" style=\"\">Memoria de actividad 2000<i class=\"qode_icon_font_awesome fa fa-download qode_button_icon_element\" style=\"\" ><\/i><\/a>[\/vc_column_inner][vc_column_inner width=\u00bb1\/12&#8243;][\/vc_column_inner][\/vc_row_inner][vc_empty_space height=\u00bb70px\u00bb][\/vc_column][vc_column width=\u00bb1\/6&#8243;][\/vc_column][\/vc_row]<\/p>\n<div class=\"print\"><span class=\"page_title\">P\u00e1gina: <span>Actividad<\/span><\/span>\n\t\t\t\t\t\t\t\t\t\t\t<span class=\"stmp_trans_date\">\u00daltima actualizaci\u00f3n: <span>25\/07\/2024 - 08:14:21<\/span><\/span>\n\t\t\t\t\t\t\t\t\t\t\t<span class=\"stmp_trans_date\">Fecha publicaci\u00f3n: <span>16\/02\/2022 - 11:45:02<\/span><\/span>\n\t\t\t\t\t\t\t\t\t\t\t<span class=\"stmp_trans_date\">Fecha creaci\u00f3n: <span>16\/02\/2022 - 11:45:02<\/span><\/span><\/div>","protected":false},"excerpt":{"rendered":"<p>[vc_row css_animation=\u00bb\u00bb row_type=\u00bbrow\u00bb use_row_as_full_screen_section=\u00bbno\u00bb type=\u00bbfull_width\u00bb angled_section=\u00bbno\u00bb text_align=\u00bbleft\u00bb background_image_as_pattern=\u00bbwithout_pattern\u00bb z_index=\u00bb\u00bb][vc_column width=\u00bb1\/6&#8243; css=\u00bb.vc_custom_1679906114191{background-image: url(https:\/\/www.112canarias.com\/112\/wp-content\/uploads\/2023\/03\/Jefe-de-sala-y-gestor-de-recursos1.jpg?id=3724) !important;background-position: center !important;background-repeat: no-repeat !important;background-size: cover !important;}\u00bb offset=\u00bbvc_hidden-xs\u00bb][vc_row_inner row_type=\u00bbrow\u00bb type=\u00bbfull_width\u00bb text_align=\u00bbleft\u00bb css_animation=\u00bb\u00bb][vc_column_inner offset=\u00bbvc_hidden-xs\u00bb][vc_empty_space height=\u00bb460px\u00bb][\/vc_column_inner][vc_column_inner offset=\u00bbvc_hidden-lg vc_hidden-md vc_hidden-sm\u00bb][vc_empty_space height=\u00bb400px\u00bb][\/vc_column_inner][\/vc_row_inner][\/vc_column][vc_column width=\u00bb2\/3&#8243;][vc_empty_space height=\u00bb100px\u00bb][vc_row_inner row_type=\u00bbrow\u00bb type=\u00bbfull_width\u00bb text_align=\u00bbleft\u00bb css_animation=\u00bb\u00bb][vc_column_inner width=\u00bb1\/12&#8243;][\/vc_column_inner][vc_column_inner el_class=\u00bbpadding\u00bb width=\u00bb10\/12&#8243;][vc_column_text]A lo largo de su trayectoria, el&#8230;<\/p>\n","protected":false},"author":1,"featured_media":0,"parent":0,"menu_order":0,"comment_status":"closed","ping_status":"closed","template":"full_width.php","meta":{"footnotes":""},"class_list":["post-49","page","type-page","status-publish","has-post-thumbnail","hentry"],"_links":{"self":[{"href":"https:\/\/www.112canarias.com\/112\/wp-json\/wp\/v2\/pages\/49","targetHints":{"allow":["GET"]}}],"collection":[{"href":"https:\/\/www.112canarias.com\/112\/wp-json\/wp\/v2\/pages"}],"about":[{"href":"https:\/\/www.112canarias.com\/112\/wp-json\/wp\/v2\/types\/page"}],"author":[{"embeddable":true,"href":"https:\/\/www.112canarias.com\/112\/wp-json\/wp\/v2\/users\/1"}],"replies":[{"embeddable":true,"href":"https:\/\/www.112canarias.com\/112\/wp-json\/wp\/v2\/comments?post=49"}],"version-history":[{"count":22,"href":"https:\/\/www.112canarias.com\/112\/wp-json\/wp\/v2\/pages\/49\/revisions"}],"predecessor-version":[{"id":6885,"href":"https:\/\/www.112canarias.com\/112\/wp-json\/wp\/v2\/pages\/49\/revisions\/6885"}],"wp:attachment":[{"href":"https:\/\/www.112canarias.com\/112\/wp-json\/wp\/v2\/media?parent=49"}],"curies":[{"name":"wp","href":"https:\/\/api.w.org\/{rel}","templated":true}]}}