{"id":51,"date":"2022-02-16T11:45:31","date_gmt":"2022-02-16T11:45:31","guid":{"rendered":"http:\/\/www.112canarias.com\/112\/?page_id=51"},"modified":"2022-02-16T11:45:31","modified_gmt":"2022-02-16T11:45:31","slug":"divulgacion","status":"publish","type":"page","link":"https:\/\/www.112canarias.com\/112\/divulgacion\/","title":{"rendered":"Divulgaci\u00f3n"},"content":{"rendered":"<div class=\"print\"><span class=\"page_title\">P\u00e1gina: <span>Divulgaci\u00f3n<\/span><\/span>\n\t\t\t\t\t\t\t\t\t\t\t<span class=\"stmp_trans_date\">\u00daltima actualizaci\u00f3n: <span>16\/02\/2022 - 11:45:31<\/span><\/span>\n\t\t\t\t\t\t\t\t\t\t\t<span class=\"stmp_trans_date\">Fecha publicaci\u00f3n: <span>16\/02\/2022 - 11:45:31<\/span><\/span>\n\t\t\t\t\t\t\t\t\t\t\t<span class=\"stmp_trans_date\">Fecha creaci\u00f3n: <span>16\/02\/2022 - 11:45:31<\/span><\/span><\/div>","protected":false},"excerpt":{"rendered":"<p>P\u00e1gina: Divulgaci\u00f3n \u00daltima actualizaci\u00f3n: 16\/02\/2022 &#8211; 11:45:31 Fecha publicaci\u00f3n: 16\/02\/2022 &#8211; 11:45:31 Fecha creaci\u00f3n: 16\/02\/2022 &#8211; 11:45:31<\/p>\n","protected":false},"author":1,"featured_media":0,"parent":0,"menu_order":0,"comment_status":"closed","ping_status":"closed","template":"full_width.php","meta":{"footnotes":""},"class_list":["post-51","page","type-page","status-publish","has-post-thumbnail","hentry"],"_links":{"self":[{"href":"https:\/\/www.112canarias.com\/112\/wp-json\/wp\/v2\/pages\/51","targetHints":{"allow":["GET"]}}],"collection":[{"href":"https:\/\/www.112canarias.com\/112\/wp-json\/wp\/v2\/pages"}],"about":[{"href":"https:\/\/www.112canarias.com\/112\/wp-json\/wp\/v2\/types\/page"}],"author":[{"embeddable":true,"href":"https:\/\/www.112canarias.com\/112\/wp-json\/wp\/v2\/users\/1"}],"replies":[{"embeddable":true,"href":"https:\/\/www.112canarias.com\/112\/wp-json\/wp\/v2\/comments?post=51"}],"version-history":[{"count":1,"href":"https:\/\/www.112canarias.com\/112\/wp-json\/wp\/v2\/pages\/51\/revisions"}],"predecessor-version":[{"id":52,"href":"https:\/\/www.112canarias.com\/112\/wp-json\/wp\/v2\/pages\/51\/revisions\/52"}],"wp:attachment":[{"href":"https:\/\/www.112canarias.com\/112\/wp-json\/wp\/v2\/media?parent=51"}],"curies":[{"name":"wp","href":"https:\/\/api.w.org\/{rel}","templated":true}]}}