{"id":53,"date":"2022-02-16T11:45:42","date_gmt":"2022-02-16T11:45:42","guid":{"rendered":"http:\/\/www.112canarias.com\/112\/?page_id=53"},"modified":"2022-07-05T06:14:20","modified_gmt":"2022-07-05T06:14:20","slug":"charlas-telematicas","status":"publish","type":"page","link":"https:\/\/www.112canarias.com\/112\/divulgacion\/charlas-telematicas\/","title":{"rendered":"Charlas telem\u00e1ticas"},"content":{"rendered":"<p>[vc_row css_animation=\u00bb\u00bb row_type=\u00bbrow\u00bb use_row_as_full_screen_section=\u00bbno\u00bb type=\u00bbfull_width\u00bb angled_section=\u00bbno\u00bb text_align=\u00bbleft\u00bb background_image_as_pattern=\u00bbwithout_pattern\u00bb z_index=\u00bb\u00bb][vc_column width=\u00bb1\/6&#8243; css=\u00bb.vc_custom_1650445830998{background-image: url(https:\/\/www.112canarias.com\/112\/wp-content\/uploads\/2022\/04\/Charlas.jpg?id=527) !important;background-position: center !important;background-repeat: no-repeat !important;background-size: cover !important;}\u00bb offset=\u00bbvc_hidden-xs\u00bb][vc_row_inner row_type=\u00bbrow\u00bb type=\u00bbfull_width\u00bb text_align=\u00bbleft\u00bb css_animation=\u00bb\u00bb][vc_column_inner offset=\u00bbvc_hidden-xs\u00bb][vc_empty_space height=\u00bb460px\u00bb][\/vc_column_inner][vc_column_inner offset=\u00bbvc_hidden-lg vc_hidden-md vc_hidden-sm\u00bb][vc_empty_space height=\u00bb400px\u00bb][\/vc_column_inner][\/vc_row_inner][\/vc_column][vc_column width=\u00bb2\/3&#8243;][vc_empty_space height=\u00bb100px\u00bb][vc_row_inner row_type=\u00bbrow\u00bb type=\u00bbfull_width\u00bb text_align=\u00bbleft\u00bb css_animation=\u00bb\u00bb][vc_column_inner width=\u00bb1\/12&#8243;][\/vc_column_inner][vc_column_inner el_class=\u00bbpadding\u00bb width=\u00bb10\/12&#8243;][vc_column_text]El 1-1-2 Canarias imparte unas charlas informativas de forma telem\u00e1tica con el objetivo principal de fomentar la cultura preventiva y mejorar la capacidad de reacci\u00f3n del alumnado ante situaciones de emergencia.<\/p>\n<p>Para ello, es vital que conozcan qu\u00e9 es y para qu\u00e9 sirve el 1-1-2, as\u00ed como los consejos de autoprotecci\u00f3n ante alertas meteorol\u00f3gicas y los avances tecnol\u00f3gicos con que cuenta el 1-1-2 Canarias para llevar a cabo la gesti\u00f3n de las emergencias, como la localizaci\u00f3n de llamadas.<\/p>\n<p>Para solicitar estas charlas deber\u00e1n rellenar el siguiente\u00a0<a href=\"https:\/\/www.112canarias.com\/112\/contactar\/\" target=\"_blank\" rel=\"noopener\">formulario de solicitud<\/a>.[\/vc_column_text][\/vc_column_inner][vc_column_inner el_class=\u00bbpadding\u00bb width=\u00bb1\/12&#8243;][vc_empty_space height=\u00bb30px\u00bb][\/vc_column_inner][\/vc_row_inner][vc_empty_space height=\u00bb70px\u00bb][\/vc_column][vc_column width=\u00bb1\/6&#8243;][\/vc_column][\/vc_row]<\/p>\n<div class=\"print\"><span class=\"page_title\">P\u00e1gina: <span>Charlas telem\u00e1ticas<\/span><\/span>\n\t\t\t\t\t\t\t\t\t\t\t<span class=\"stmp_trans_date\">\u00daltima actualizaci\u00f3n: <span>05\/07\/2022 - 06:14:20<\/span><\/span>\n\t\t\t\t\t\t\t\t\t\t\t<span class=\"stmp_trans_date\">Fecha publicaci\u00f3n: <span>16\/02\/2022 - 11:45:42<\/span><\/span>\n\t\t\t\t\t\t\t\t\t\t\t<span class=\"stmp_trans_date\">Fecha creaci\u00f3n: <span>16\/02\/2022 - 11:45:42<\/span><\/span><\/div>","protected":false},"excerpt":{"rendered":"<p>[vc_row css_animation=\u00bb\u00bb row_type=\u00bbrow\u00bb use_row_as_full_screen_section=\u00bbno\u00bb type=\u00bbfull_width\u00bb angled_section=\u00bbno\u00bb text_align=\u00bbleft\u00bb background_image_as_pattern=\u00bbwithout_pattern\u00bb z_index=\u00bb\u00bb][vc_column width=\u00bb1\/6&#8243; css=\u00bb.vc_custom_1650445830998{background-image: url(https:\/\/www.112canarias.com\/112\/wp-content\/uploads\/2022\/04\/Charlas.jpg?id=527) !important;background-position: center !important;background-repeat: no-repeat !important;background-size: cover !important;}\u00bb offset=\u00bbvc_hidden-xs\u00bb][vc_row_inner row_type=\u00bbrow\u00bb type=\u00bbfull_width\u00bb text_align=\u00bbleft\u00bb css_animation=\u00bb\u00bb][vc_column_inner offset=\u00bbvc_hidden-xs\u00bb][vc_empty_space height=\u00bb460px\u00bb][\/vc_column_inner][vc_column_inner offset=\u00bbvc_hidden-lg vc_hidden-md vc_hidden-sm\u00bb][vc_empty_space height=\u00bb400px\u00bb][\/vc_column_inner][\/vc_row_inner][\/vc_column][vc_column width=\u00bb2\/3&#8243;][vc_empty_space height=\u00bb100px\u00bb][vc_row_inner row_type=\u00bbrow\u00bb type=\u00bbfull_width\u00bb text_align=\u00bbleft\u00bb css_animation=\u00bb\u00bb][vc_column_inner width=\u00bb1\/12&#8243;][\/vc_column_inner][vc_column_inner el_class=\u00bbpadding\u00bb width=\u00bb10\/12&#8243;][vc_column_text]El 1-1-2 Canarias imparte unas charlas informativas&#8230;<\/p>\n","protected":false},"author":1,"featured_media":0,"parent":51,"menu_order":0,"comment_status":"closed","ping_status":"closed","template":"full_width.php","meta":{"footnotes":""},"class_list":["post-53","page","type-page","status-publish","has-post-thumbnail","hentry"],"_links":{"self":[{"href":"https:\/\/www.112canarias.com\/112\/wp-json\/wp\/v2\/pages\/53","targetHints":{"allow":["GET"]}}],"collection":[{"href":"https:\/\/www.112canarias.com\/112\/wp-json\/wp\/v2\/pages"}],"about":[{"href":"https:\/\/www.112canarias.com\/112\/wp-json\/wp\/v2\/types\/page"}],"author":[{"embeddable":true,"href":"https:\/\/www.112canarias.com\/112\/wp-json\/wp\/v2\/users\/1"}],"replies":[{"embeddable":true,"href":"https:\/\/www.112canarias.com\/112\/wp-json\/wp\/v2\/comments?post=53"}],"version-history":[{"count":9,"href":"https:\/\/www.112canarias.com\/112\/wp-json\/wp\/v2\/pages\/53\/revisions"}],"predecessor-version":[{"id":2332,"href":"https:\/\/www.112canarias.com\/112\/wp-json\/wp\/v2\/pages\/53\/revisions\/2332"}],"up":[{"embeddable":true,"href":"https:\/\/www.112canarias.com\/112\/wp-json\/wp\/v2\/pages\/51"}],"wp:attachment":[{"href":"https:\/\/www.112canarias.com\/112\/wp-json\/wp\/v2\/media?parent=53"}],"curies":[{"name":"wp","href":"https:\/\/api.w.org\/{rel}","templated":true}]}}

Charlas telemáticas

<p>[vc_row css_animation=»» row_type=»row» use_row_as_full_screen_section=»no» type=»full_width» angled_section=»no» text_align=»left» background_image_as_pattern=»without_pattern» z_index=»»][vc_column width=»1/6&#8243; css=».vc_custom_1650445830998{background-image: url(https://www.112canarias.com/112/wp-content/uploads/2022/04/Charlas.jpg?id=527) !important;background-position: center !important;background-repeat: no-repeat !important;background-size: cover !important;}» offset=»vc_hidden-xs»][vc_row_inner row_type=»row» type=»full_width» text_align=»left» css_animation=»»][vc_column_inner offset=»vc_hidden-xs»][vc_empty_space height=»460px»][/vc_column_inner][vc_column_inner offset=»vc_hidden-lg vc_hidden-md vc_hidden-sm»][vc_empty_space height=»400px»][/vc_column_inner][/vc_row_inner][/vc_column][vc_column width=»2/3&#8243;][vc_empty_space height=»100px»][vc_row_inner row_type=»row» type=»full_width» text_align=»left» css_animation=»»][vc_column_inner width=»1/12&#8243;][/vc_column_inner][vc_column_inner el_class=»padding» width=»10/12&#8243;][vc_column_text]El 1-1-2 Canarias imparte unas charlas informativas de forma telemática con el objetivo principal de fomentar la cultura preventiva y mejorar la capacidad de reacción del alumnado ante situaciones de emergencia.</p>
<p>Para ello, es vital que conozcan qué es y para qué sirve el 1-1-2, así como los consejos de autoprotección ante alertas meteorológicas y los avances tecnológicos con que cuenta el 1-1-2 Canarias para llevar a cabo la gestión de las emergencias, como la localización de llamadas.</p>
<p>Para solicitar estas charlas deberán rellenar el siguiente <a href="https://www.112canarias.com/112/contactar/" target="_blank" rel="noopener">formulario de solicitud</a>.[/vc_column_text][/vc_column_inner][vc_column_inner el_class=»padding» width=»1/12&#8243;][vc_empty_space height=»30px»][/vc_column_inner][/vc_row_inner][vc_empty_space height=»70px»][/vc_column][vc_column width=»1/6&#8243;][/vc_column][/vc_row]</p>
<div class="print"><span class="page_title">Página: <span>Charlas telemáticas</span></span>
											<span class="stmp_trans_date">Última actualización: <span>05/07/2022 - 06:14:20</span></span>
											<span class="stmp_trans_date">Fecha publicación: <span>16/02/2022 - 11:45:42</span></span>
											<span class="stmp_trans_date">Fecha creación: <span>16/02/2022 - 11:45:42</span></span></div>
